{"id":1412,"date":"2020-03-04T07:55:00","date_gmt":"2020-03-04T07:55:00","guid":{"rendered":"http:\/\/feuerwehr-erwitte.de\/?post_type=einsatz&#038;p=1412"},"modified":"2020-03-04T19:08:43","modified_gmt":"2020-03-04T19:08:43","slug":"grundschutzsicherung-stadt-geseke","status":"publish","type":"einsatz","link":"https:\/\/www.feuerwehr-erwitte.de\/index.php\/einsatzberichte\/grundschutzsicherung-stadt-geseke\/","title":{"rendered":"Grundschutzsicherung Stadt Geseke"},"content":{"rendered":"\n<p>F\u00fcr den Grundschutz von der <a href=\"https:\/\/www.facebook.com\/feuerwehrgeseke\/?__tn__=K-R-R&amp;eid=ARDUhKjD05rJD6GhmL28KyS5N9ECzImKCzjC6JKH-izqEqjGZv3aUHLtb3UVZJhKc14tQsjK1GS8yy_o&amp;fref=mentions&amp;__xts__%5B0%5D=68.ARDHE158W6vsVFgirEOrhG1I5J2-SUb54_AszQ4jdry40kJdvJbkPtuE_UD1iaB7D-4QL-jc8VyENrhJtYZJXS3csDt73_bB_WGFMtYiCWN-bHOuL5OtvmYnsuBf1PFGNClLnLGQHnk4Xb3-s-0nai2gckoEDV3i2dKO5dXBkchbW9rIgwnHjOt_A6hhwYKhJAiugcaIakv43Wy6if2Xh22TaNQ3uWuFOFYgZ2BN5O_ePdfQmTT_aSV0lKjTuSGdaMIOLdrXk7GRiZAz-tDmzQbYTxI1K7LNYM-cc-mP7SJUTBqqCD2VsHazTkQR5aW2GPC6Mn7djj_CxGw_JWqyMHCVDppNZHVFN1YvMkSujAE_TEanKTWOL4Rv2ncMAzvSWsBt86YGoinn-A8sjtsTyuH9C3RKINxedgR1fkxZQgwoqDltQtBcEBOWPsGToAbice8sFkZL7-GSK-ohxmwFQqiKiMyMtNib61Z4o2s\">Freiwillige Feuerwehr der Stadt Geseke<\/a> wurde der L\u00f6schzug Erwitte zur Unterst\u00fctzung gerufen. W\u00e4hrend sich die Kameraden aus Geseke auf den Gro\u00dfeinsatz konzentriert haben, standen die Erwitter mit dem HLF20 f\u00fcr Paralleleins\u00e4tze im Ger\u00e4tehaus am Lindenweg zur Verf\u00fcgung. <\/p>\n","protected":false},"author":5,"featured_media":0,"template":"","meta":{"ocean_post_layout":"","ocean_both_sidebars_style":"","ocean_both_sidebars_content_width":0,"ocean_both_sidebars_sidebars_width":0,"ocean_sidebar":"","ocean_second_sidebar":"","ocean_disable_margins":"enable","ocean_add_body_class":"","ocean_shortcode_before_top_bar":"","ocean_shortcode_after_top_bar":"","ocean_shortcode_before_header":"","ocean_shortcode_after_header":"","ocean_has_shortcode":"","ocean_shortcode_after_title":"","ocean_shortcode_before_footer_widgets":"","ocean_shortcode_after_footer_widgets":"","ocean_shortcode_before_footer_bottom":"","ocean_shortcode_after_footer_bottom":"","ocean_display_top_bar":"default","ocean_display_header":"default","ocean_header_style":"","ocean_center_header_left_menu":"","ocean_custom_header_template":"","ocean_custom_logo":0,"ocean_custom_retina_logo":0,"ocean_custom_logo_max_width":0,"ocean_custom_logo_tablet_max_width":0,"ocean_custom_logo_mobile_max_width":0,"ocean_custom_logo_max_height":0,"ocean_custom_logo_tablet_max_height":0,"ocean_custom_logo_mobile_max_height":0,"ocean_header_custom_menu":"","ocean_menu_typo_font_family":"","ocean_menu_typo_font_subset":"","ocean_menu_typo_font_size":0,"ocean_menu_typo_font_size_tablet":0,"ocean_menu_typo_font_size_mobile":0,"ocean_menu_typo_font_size_unit":"px","ocean_menu_typo_font_weight":"","ocean_menu_typo_font_weight_tablet":"","ocean_menu_typo_font_weight_mobile":"","ocean_menu_typo_transform":"","ocean_menu_typo_transform_tablet":"","ocean_menu_typo_transform_mobile":"","ocean_menu_typo_line_height":0,"ocean_menu_typo_line_height_tablet":0,"ocean_menu_typo_line_height_mobile":0,"ocean_menu_typo_line_height_unit":"","ocean_menu_typo_spacing":0,"ocean_menu_typo_spacing_tablet":0,"ocean_menu_typo_spacing_mobile":0,"ocean_menu_typo_spacing_unit":"","ocean_menu_link_color":"","ocean_menu_link_color_hover":"","ocean_menu_link_color_active":"","ocean_menu_link_background":"","ocean_menu_link_hover_background":"","ocean_menu_link_active_background":"","ocean_menu_social_links_bg":"","ocean_menu_social_hover_links_bg":"","ocean_menu_social_links_color":"","ocean_menu_social_hover_links_color":"","ocean_disable_title":"default","ocean_disable_heading":"default","ocean_post_title":"","ocean_post_subheading":"","ocean_post_title_style":"","ocean_post_title_background_color":"","ocean_post_title_background":0,"ocean_post_title_bg_image_position":"","ocean_post_title_bg_image_attachment":"","ocean_post_title_bg_image_repeat":"","ocean_post_title_bg_image_size":"","ocean_post_title_height":0,"ocean_post_title_bg_overlay":0.5,"ocean_post_title_bg_overlay_color":"","ocean_disable_breadcrumbs":"default","ocean_breadcrumbs_color":"","ocean_breadcrumbs_separator_color":"","ocean_breadcrumbs_links_color":"","ocean_breadcrumbs_links_hover_color":"","ocean_display_footer_widgets":"default","ocean_display_footer_bottom":"default","ocean_custom_footer_template":"","einsatz_weight":1,"footnotes":""},"categories":[5],"einsatzart":[73],"fahrzeug":[],"exteinsatzmittel":[],"alarmierungsart":[17],"evw_unit":[],"class_list":["post-1412","einsatz","type-einsatz","status-publish","hentry","category-einsatzmeldung","einsatzart-sonstiges","alarmierungsart-melder","entry"],"_links":{"self":[{"href":"https:\/\/www.feuerwehr-erwitte.de\/index.php\/wp-json\/wp\/v2\/einsatz\/1412","targetHints":{"allow":["GET"]}}],"collection":[{"href":"https:\/\/www.feuerwehr-erwitte.de\/index.php\/wp-json\/wp\/v2\/einsatz"}],"about":[{"href":"https:\/\/www.feuerwehr-erwitte.de\/index.php\/wp-json\/wp\/v2\/types\/einsatz"}],"author":[{"embeddable":true,"href":"https:\/\/www.feuerwehr-erwitte.de\/index.php\/wp-json\/wp\/v2\/users\/5"}],"version-history":[{"count":1,"href":"https:\/\/www.feuerwehr-erwitte.de\/index.php\/wp-json\/wp\/v2\/einsatz\/1412\/revisions"}],"predecessor-version":[{"id":1413,"href":"https:\/\/www.feuerwehr-erwitte.de\/index.php\/wp-json\/wp\/v2\/einsatz\/1412\/revisions\/1413"}],"wp:attachment":[{"href":"https:\/\/www.feuerwehr-erwitte.de\/index.php\/wp-json\/wp\/v2\/media?parent=1412"}],"wp:term":[{"taxonomy":"category","embeddable":true,"href":"https:\/\/www.feuerwehr-erwitte.de\/index.php\/wp-json\/wp\/v2\/categories?post=1412"},{"taxonomy":"einsatzart","embeddable":true,"href":"https:\/\/www.feuerwehr-erwitte.de\/index.php\/wp-json\/wp\/v2\/einsatzart?post=1412"},{"taxonomy":"fahrzeug","embeddable":true,"href":"https:\/\/www.feuerwehr-erwitte.de\/index.php\/wp-json\/wp\/v2\/fahrzeug?post=1412"},{"taxonomy":"exteinsatzmittel","embeddable":true,"href":"https:\/\/www.feuerwehr-erwitte.de\/index.php\/wp-json\/wp\/v2\/exteinsatzmittel?post=1412"},{"taxonomy":"alarmierungsart","embeddable":true,"href":"https:\/\/www.feuerwehr-erwitte.de\/index.php\/wp-json\/wp\/v2\/alarmierungsart?post=1412"},{"taxonomy":"evw_unit","embeddable":true,"href":"https:\/\/www.feuerwehr-erwitte.de\/index.php\/wp-json\/wp\/v2\/evw_unit?post=1412"}],"curies":[{"name":"wp","href":"https:\/\/api.w.org\/{rel}","templated":true}]}}

<p>Für den Grundschutz von der <a href="https://www.facebook.com/feuerwehrgeseke/?__tn__=K-R-R&amp;eid=ARDUhKjD05rJD6GhmL28KyS5N9ECzImKCzjC6JKH-izqEqjGZv3aUHLtb3UVZJhKc14tQsjK1GS8yy_o&amp;fref=mentions&amp;__xts__%5B0%5D=68.ARDHE158W6vsVFgirEOrhG1I5J2-SUb54_AszQ4jdry40kJdvJbkPtuE_UD1iaB7D-4QL-jc8VyENrhJtYZJXS3csDt73_bB_WGFMtYiCWN-bHOuL5OtvmYnsuBf1PFGNClLnLGQHnk4Xb3-s-0nai2gckoEDV3i2dKO5dXBkchbW9rIgwnHjOt_A6hhwYKhJAiugcaIakv43Wy6if2Xh22TaNQ3uWuFOFYgZ2BN5O_ePdfQmTT_aSV0lKjTuSGdaMIOLdrXk7GRiZAz-tDmzQbYTxI1K7LNYM-cc-mP7SJUTBqqCD2VsHazTkQR5aW2GPC6Mn7djj_CxGw_JWqyMHCVDppNZHVFN1YvMkSujAE_TEanKTWOL4Rv2ncMAzvSWsBt86YGoinn-A8sjtsTyuH9C3RKINxedgR1fkxZQgwoqDltQtBcEBOWPsGToAbice8sFkZL7-GSK-ohxmwFQqiKiMyMtNib61Z4o2s">Freiwillige Feuerwehr der Stadt Geseke</a> wurde der Löschzug Erwitte zur Unterstützung gerufen. Während sich die Kameraden aus Geseke auf den Großeinsatz konzentriert haben, standen die Erwitter mit dem HLF20 für Paralleleinsätze im Gerätehaus am Lindenweg zur Verfügung. </p>
