{"id":1935,"date":"2020-08-12T22:36:00","date_gmt":"2020-08-12T20:36:00","guid":{"rendered":"http:\/\/www.feuerwehr-erwitte.de\/?post_type=einsatz&#038;p=1935"},"modified":"2020-09-17T09:05:40","modified_gmt":"2020-09-17T07:05:40","slug":"brennt-pkw-am-haus","status":"publish","type":"einsatz","link":"https:\/\/www.feuerwehr-erwitte.de\/index.php\/einsatzberichte\/brennt-pkw-am-haus\/","title":{"rendered":"Brennt PKW am Haus"},"content":{"rendered":"\n<p>Am 12.08.2020 wurde, gegen sp\u00e4ten Abend, der 2. Verband der Feuerwehr Erwitter zu einem PKW Brand in Horn alarmiert.<br>Schon auf der Anfahrt konnte ausgemacht werden, dass der PKW in voller Ausdehnung brennt. Da das Auto direkt an einer Hauswand stand, war besondere Eile und Vorsicht geboten.<br>Der Brand wurde unter Atemschutz gel\u00f6scht.<br>Ebenfalls vor Ort waren der L\u00f6schzug Erwitte, ein RTW, die Polizei und die Atemschutznotfallstaffel. Die ANS wird bei kritische Eins\u00e4tzen mit alarmiert, um eventuell in Notlage geratene Atemschutzger\u00e4tetr\u00e4ger zu retten.<\/p>\n\n\n\n<figure class=\"wp-block-gallery columns-3 is-cropped wp-block-gallery-1 is-layout-flex wp-block-gallery-is-layout-flex\"><ul class=\"blocks-gallery-grid\"><li class=\"blocks-gallery-item\"><figure><img fetchpriority=\"high\" decoding=\"async\" width=\"225\" height=\"300\" src=\"https:\/\/www.feuerwehr-erwitte.de\/wp-content\/uploads\/2020\/09\/117435846_1588687441301300_116251738064793120_n-225x300.jpg\" alt=\"\" data-id=\"2012\" data-full-url=\"https:\/\/www.feuerwehr-erwitte.de\/wp-content\/uploads\/2020\/09\/117435846_1588687441301300_116251738064793120_n.jpg\" data-link=\"https:\/\/www.feuerwehr-erwitte.de\/index.php\/einsatzberichte\/brennt-pkw-am-haus\/117435846_1588687441301300_116251738064793120_n\/\" class=\"wp-image-2012\" srcset=\"https:\/\/www.feuerwehr-erwitte.de\/wp-content\/uploads\/2020\/09\/117435846_1588687441301300_116251738064793120_n-225x300.jpg 225w, https:\/\/www.feuerwehr-erwitte.de\/wp-content\/uploads\/2020\/09\/117435846_1588687441301300_116251738064793120_n-113x150.jpg 113w, https:\/\/www.feuerwehr-erwitte.de\/wp-content\/uploads\/2020\/09\/117435846_1588687441301300_116251738064793120_n.jpg 720w\" sizes=\"(max-width: 225px) 100vw, 225px\" \/><\/figure><\/li><li class=\"blocks-gallery-item\"><figure><img decoding=\"async\" width=\"225\" height=\"300\" src=\"https:\/\/www.feuerwehr-erwitte.de\/wp-content\/uploads\/2020\/09\/117381251_1588687547967956_8487189654367806025_n-225x300.jpg\" alt=\"\" data-id=\"2011\" data-full-url=\"https:\/\/www.feuerwehr-erwitte.de\/wp-content\/uploads\/2020\/09\/117381251_1588687547967956_8487189654367806025_n.jpg\" data-link=\"https:\/\/www.feuerwehr-erwitte.de\/index.php\/einsatzberichte\/brennt-pkw-am-haus\/117381251_1588687547967956_8487189654367806025_n\/\" class=\"wp-image-2011\" srcset=\"https:\/\/www.feuerwehr-erwitte.de\/wp-content\/uploads\/2020\/09\/117381251_1588687547967956_8487189654367806025_n-225x300.jpg 225w, https:\/\/www.feuerwehr-erwitte.de\/wp-content\/uploads\/2020\/09\/117381251_1588687547967956_8487189654367806025_n-113x150.jpg 113w, https:\/\/www.feuerwehr-erwitte.de\/wp-content\/uploads\/2020\/09\/117381251_1588687547967956_8487189654367806025_n.jpg 720w\" sizes=\"(max-width: 225px) 100vw, 225px\" \/><\/figure><\/li><li class=\"blocks-gallery-item\"><figure><img decoding=\"async\" width=\"225\" height=\"300\" src=\"https:\/\/www.feuerwehr-erwitte.de\/wp-content\/uploads\/2020\/09\/117444607_1588687594634618_2696177825585200205_n-225x300.jpg\" alt=\"\" data-id=\"2010\" data-full-url=\"https:\/\/www.feuerwehr-erwitte.de\/wp-content\/uploads\/2020\/09\/117444607_1588687594634618_2696177825585200205_n.jpg\" data-link=\"https:\/\/www.feuerwehr-erwitte.de\/index.php\/einsatzberichte\/brennt-pkw-am-haus\/117444607_1588687594634618_2696177825585200205_n\/\" class=\"wp-image-2010\" srcset=\"https:\/\/www.feuerwehr-erwitte.de\/wp-content\/uploads\/2020\/09\/117444607_1588687594634618_2696177825585200205_n-225x300.jpg 225w, https:\/\/www.feuerwehr-erwitte.de\/wp-content\/uploads\/2020\/09\/117444607_1588687594634618_2696177825585200205_n-113x150.jpg 113w, https:\/\/www.feuerwehr-erwitte.de\/wp-content\/uploads\/2020\/09\/117444607_1588687594634618_2696177825585200205_n.jpg 720w\" sizes=\"(max-width: 225px) 100vw, 225px\" \/><\/figure><\/li><li class=\"blocks-gallery-item\"><figure><img loading=\"lazy\" decoding=\"async\" width=\"225\" height=\"300\" src=\"https:\/\/www.feuerwehr-erwitte.de\/wp-content\/uploads\/2020\/09\/117533423_1588687447967966_8070986064326189611_n-225x300.jpg\" alt=\"\" data-id=\"2009\" data-full-url=\"https:\/\/www.feuerwehr-erwitte.de\/wp-content\/uploads\/2020\/09\/117533423_1588687447967966_8070986064326189611_n.jpg\" data-link=\"https:\/\/www.feuerwehr-erwitte.de\/index.php\/einsatzberichte\/brennt-pkw-am-haus\/117533423_1588687447967966_8070986064326189611_n\/\" class=\"wp-image-2009\" srcset=\"https:\/\/www.feuerwehr-erwitte.de\/wp-content\/uploads\/2020\/09\/117533423_1588687447967966_8070986064326189611_n-225x300.jpg 225w, https:\/\/www.feuerwehr-erwitte.de\/wp-content\/uploads\/2020\/09\/117533423_1588687447967966_8070986064326189611_n-113x150.jpg 113w, https:\/\/www.feuerwehr-erwitte.de\/wp-content\/uploads\/2020\/09\/117533423_1588687447967966_8070986064326189611_n.jpg 720w\" sizes=\"(max-width: 225px) 100vw, 225px\" \/><\/figure><\/li><li class=\"blocks-gallery-item\"><figure><img loading=\"lazy\" decoding=\"async\" width=\"225\" height=\"300\" src=\"https:\/\/www.feuerwehr-erwitte.de\/wp-content\/uploads\/2020\/09\/117767325_1588687497967961_5644215655413595040_n-225x300.jpg\" alt=\"\" data-id=\"2008\" data-full-url=\"https:\/\/www.feuerwehr-erwitte.de\/wp-content\/uploads\/2020\/09\/117767325_1588687497967961_5644215655413595040_n.jpg\" data-link=\"https:\/\/www.feuerwehr-erwitte.de\/index.php\/einsatzberichte\/brennt-pkw-am-haus\/117767325_1588687497967961_5644215655413595040_n\/\" class=\"wp-image-2008\" srcset=\"https:\/\/www.feuerwehr-erwitte.de\/wp-content\/uploads\/2020\/09\/117767325_1588687497967961_5644215655413595040_n-225x300.jpg 225w, https:\/\/www.feuerwehr-erwitte.de\/wp-content\/uploads\/2020\/09\/117767325_1588687497967961_5644215655413595040_n-113x150.jpg 113w, https:\/\/www.feuerwehr-erwitte.de\/wp-content\/uploads\/2020\/09\/117767325_1588687497967961_5644215655413595040_n.jpg 720w\" sizes=\"(max-width: 225px) 100vw, 225px\" \/><\/figure><\/li><\/ul><\/figure>\n","protected":false},"author":5,"featured_media":0,"template":"","meta":{"ocean_post_layout":"","ocean_both_sidebars_style":"","ocean_both_sidebars_content_width":0,"ocean_both_sidebars_sidebars_width":0,"ocean_sidebar":"","ocean_second_sidebar":"","ocean_disable_margins":"enable","ocean_add_body_class":"","ocean_shortcode_before_top_bar":"","ocean_shortcode_after_top_bar":"","ocean_shortcode_before_header":"","ocean_shortcode_after_header":"","ocean_has_shortcode":"","ocean_shortcode_after_title":"","ocean_shortcode_before_footer_widgets":"","ocean_shortcode_after_footer_widgets":"","ocean_shortcode_before_footer_bottom":"","ocean_shortcode_after_footer_bottom":"","ocean_display_top_bar":"default","ocean_display_header":"default","ocean_header_style":"","ocean_center_header_left_menu":"","ocean_custom_header_template":"","ocean_custom_logo":0,"ocean_custom_retina_logo":0,"ocean_custom_logo_max_width":0,"ocean_custom_logo_tablet_max_width":0,"ocean_custom_logo_mobile_max_width":0,"ocean_custom_logo_max_height":0,"ocean_custom_logo_tablet_max_height":0,"ocean_custom_logo_mobile_max_height":0,"ocean_header_custom_menu":"","ocean_menu_typo_font_family":"","ocean_menu_typo_font_subset":"","ocean_menu_typo_font_size":0,"ocean_menu_typo_font_size_tablet":0,"ocean_menu_typo_font_size_mobile":0,"ocean_menu_typo_font_size_unit":"px","ocean_menu_typo_font_weight":"","ocean_menu_typo_font_weight_tablet":"","ocean_menu_typo_font_weight_mobile":"","ocean_menu_typo_transform":"","ocean_menu_typo_transform_tablet":"","ocean_menu_typo_transform_mobile":"","ocean_menu_typo_line_height":0,"ocean_menu_typo_line_height_tablet":0,"ocean_menu_typo_line_height_mobile":0,"ocean_menu_typo_line_height_unit":"","ocean_menu_typo_spacing":0,"ocean_menu_typo_spacing_tablet":0,"ocean_menu_typo_spacing_mobile":0,"ocean_menu_typo_spacing_unit":"","ocean_menu_link_color":"","ocean_menu_link_color_hover":"","ocean_menu_link_color_active":"","ocean_menu_link_background":"","ocean_menu_link_hover_background":"","ocean_menu_link_active_background":"","ocean_menu_social_links_bg":"","ocean_menu_social_hover_links_bg":"","ocean_menu_social_links_color":"","ocean_menu_social_hover_links_color":"","ocean_disable_title":"default","ocean_disable_heading":"default","ocean_post_title":"","ocean_post_subheading":"","ocean_post_title_style":"","ocean_post_title_background_color":"","ocean_post_title_background":0,"ocean_post_title_bg_image_position":"","ocean_post_title_bg_image_attachment":"","ocean_post_title_bg_image_repeat":"","ocean_post_title_bg_image_size":"","ocean_post_title_height":0,"ocean_post_title_bg_overlay":0.5,"ocean_post_title_bg_overlay_color":"","ocean_disable_breadcrumbs":"default","ocean_breadcrumbs_color":"","ocean_breadcrumbs_separator_color":"","ocean_breadcrumbs_links_color":"","ocean_breadcrumbs_links_hover_color":"","ocean_display_footer_widgets":"default","ocean_display_footer_bottom":"default","ocean_custom_footer_template":"","einsatz_weight":1,"footnotes":""},"categories":[5],"einsatzart":[27],"fahrzeug":[],"exteinsatzmittel":[],"alarmierungsart":[],"evw_unit":[],"class_list":["post-1935","einsatz","type-einsatz","status-publish","hentry","category-einsatzmeldung","einsatzart-brand","entry"],"_links":{"self":[{"href":"https:\/\/www.feuerwehr-erwitte.de\/index.php\/wp-json\/wp\/v2\/einsatz\/1935","targetHints":{"allow":["GET"]}}],"collection":[{"href":"https:\/\/www.feuerwehr-erwitte.de\/index.php\/wp-json\/wp\/v2\/einsatz"}],"about":[{"href":"https:\/\/www.feuerwehr-erwitte.de\/index.php\/wp-json\/wp\/v2\/types\/einsatz"}],"author":[{"embeddable":true,"href":"https:\/\/www.feuerwehr-erwitte.de\/index.php\/wp-json\/wp\/v2\/users\/5"}],"version-history":[{"count":2,"href":"https:\/\/www.feuerwehr-erwitte.de\/index.php\/wp-json\/wp\/v2\/einsatz\/1935\/revisions"}],"predecessor-version":[{"id":2013,"href":"https:\/\/www.feuerwehr-erwitte.de\/index.php\/wp-json\/wp\/v2\/einsatz\/1935\/revisions\/2013"}],"wp:attachment":[{"href":"https:\/\/www.feuerwehr-erwitte.de\/index.php\/wp-json\/wp\/v2\/media?parent=1935"}],"wp:term":[{"taxonomy":"category","embeddable":true,"href":"https:\/\/www.feuerwehr-erwitte.de\/index.php\/wp-json\/wp\/v2\/categories?post=1935"},{"taxonomy":"einsatzart","embeddable":true,"href":"https:\/\/www.feuerwehr-erwitte.de\/index.php\/wp-json\/wp\/v2\/einsatzart?post=1935"},{"taxonomy":"fahrzeug","embeddable":true,"href":"https:\/\/www.feuerwehr-erwitte.de\/index.php\/wp-json\/wp\/v2\/fahrzeug?post=1935"},{"taxonomy":"exteinsatzmittel","embeddable":true,"href":"https:\/\/www.feuerwehr-erwitte.de\/index.php\/wp-json\/wp\/v2\/exteinsatzmittel?post=1935"},{"taxonomy":"alarmierungsart","embeddable":true,"href":"https:\/\/www.feuerwehr-erwitte.de\/index.php\/wp-json\/wp\/v2\/alarmierungsart?post=1935"},{"taxonomy":"evw_unit","embeddable":true,"href":"https:\/\/www.feuerwehr-erwitte.de\/index.php\/wp-json\/wp\/v2\/evw_unit?post=1935"}],"curies":[{"name":"wp","href":"https:\/\/api.w.org\/{rel}","templated":true}]}}

<p>Am 12.08.2020 wurde, gegen späten Abend, der 2. Verband der Feuerwehr Erwitter zu einem PKW Brand in Horn alarmiert.<br>Schon auf der Anfahrt konnte ausgemacht werden, dass der PKW in voller Ausdehnung brennt. Da das Auto direkt an einer Hauswand stand, war besondere Eile und Vorsicht geboten.<br>Der Brand wurde unter Atemschutz gelöscht.<br>Ebenfalls vor Ort waren der Löschzug Erwitte, ein RTW, die Polizei und die Atemschutznotfallstaffel. Die ANS wird bei kritische Einsätzen mit alarmiert, um eventuell in Notlage geratene Atemschutzgeräteträger zu retten.</p>



<figure class="wp-block-gallery columns-3 is-cropped wp-block-gallery-1 is-layout-flex wp-block-gallery-is-layout-flex"><ul class="blocks-gallery-grid"><li class="blocks-gallery-item"><figure><img fetchpriority="high" decoding="async" width="225" height="300" src="https://www.feuerwehr-erwitte.de/wp-content/uploads/2020/09/117435846_1588687441301300_116251738064793120_n-225x300.jpg" alt="" data-id="2012" data-full-url="https://www.feuerwehr-erwitte.de/wp-content/uploads/2020/09/117435846_1588687441301300_116251738064793120_n.jpg" data-link="https://www.feuerwehr-erwitte.de/index.php/einsatzberichte/brennt-pkw-am-haus/117435846_1588687441301300_116251738064793120_n/" class="wp-image-2012" srcset="https://www.feuerwehr-erwitte.de/wp-content/uploads/2020/09/117435846_1588687441301300_116251738064793120_n-225x300.jpg 225w, https://www.feuerwehr-erwitte.de/wp-content/uploads/2020/09/117435846_1588687441301300_116251738064793120_n-113x150.jpg 113w, https://www.feuerwehr-erwitte.de/wp-content/uploads/2020/09/117435846_1588687441301300_116251738064793120_n.jpg 720w" sizes="(max-width: 225px) 100vw, 225px" /></figure></li><li class="blocks-gallery-item"><figure><img decoding="async" width="225" height="300" src="https://www.feuerwehr-erwitte.de/wp-content/uploads/2020/09/117381251_1588687547967956_8487189654367806025_n-225x300.jpg" alt="" data-id="2011" data-full-url="https://www.feuerwehr-erwitte.de/wp-content/uploads/2020/09/117381251_1588687547967956_8487189654367806025_n.jpg" data-link="https://www.feuerwehr-erwitte.de/index.php/einsatzberichte/brennt-pkw-am-haus/117381251_1588687547967956_8487189654367806025_n/" class="wp-image-2011" srcset="https://www.feuerwehr-erwitte.de/wp-content/uploads/2020/09/117381251_1588687547967956_8487189654367806025_n-225x300.jpg 225w, https://www.feuerwehr-erwitte.de/wp-content/uploads/2020/09/117381251_1588687547967956_8487189654367806025_n-113x150.jpg 113w, https://www.feuerwehr-erwitte.de/wp-content/uploads/2020/09/117381251_1588687547967956_8487189654367806025_n.jpg 720w" sizes="(max-width: 225px) 100vw, 225px" /></figure></li><li class="blocks-gallery-item"><figure><img decoding="async" width="225" height="300" src="https://www.feuerwehr-erwitte.de/wp-content/uploads/2020/09/117444607_1588687594634618_2696177825585200205_n-225x300.jpg" alt="" data-id="2010" data-full-url="https://www.feuerwehr-erwitte.de/wp-content/uploads/2020/09/117444607_1588687594634618_2696177825585200205_n.jpg" data-link="https://www.feuerwehr-erwitte.de/index.php/einsatzberichte/brennt-pkw-am-haus/117444607_1588687594634618_2696177825585200205_n/" class="wp-image-2010" srcset="https://www.feuerwehr-erwitte.de/wp-content/uploads/2020/09/117444607_1588687594634618_2696177825585200205_n-225x300.jpg 225w, https://www.feuerwehr-erwitte.de/wp-content/uploads/2020/09/117444607_1588687594634618_2696177825585200205_n-113x150.jpg 113w, https://www.feuerwehr-erwitte.de/wp-content/uploads/2020/09/117444607_1588687594634618_2696177825585200205_n.jpg 720w" sizes="(max-width: 225px) 100vw, 225px" /></figure></li><li class="blocks-gallery-item"><figure><img loading="lazy" decoding="async" width="225" height="300" src="https://www.feuerwehr-erwitte.de/wp-content/uploads/2020/09/117533423_1588687447967966_8070986064326189611_n-225x300.jpg" alt="" data-id="2009" data-full-url="https://www.feuerwehr-erwitte.de/wp-content/uploads/2020/09/117533423_1588687447967966_8070986064326189611_n.jpg" data-link="https://www.feuerwehr-erwitte.de/index.php/einsatzberichte/brennt-pkw-am-haus/117533423_1588687447967966_8070986064326189611_n/" class="wp-image-2009" srcset="https://www.feuerwehr-erwitte.de/wp-content/uploads/2020/09/117533423_1588687447967966_8070986064326189611_n-225x300.jpg 225w, https://www.feuerwehr-erwitte.de/wp-content/uploads/2020/09/117533423_1588687447967966_8070986064326189611_n-113x150.jpg 113w, https://www.feuerwehr-erwitte.de/wp-content/uploads/2020/09/117533423_1588687447967966_8070986064326189611_n.jpg 720w" sizes="(max-width: 225px) 100vw, 225px" /></figure></li><li class="blocks-gallery-item"><figure><img loading="lazy" decoding="async" width="225" height="300" src="https://www.feuerwehr-erwitte.de/wp-content/uploads/2020/09/117767325_1588687497967961_5644215655413595040_n-225x300.jpg" alt="" data-id="2008" data-full-url="https://www.feuerwehr-erwitte.de/wp-content/uploads/2020/09/117767325_1588687497967961_5644215655413595040_n.jpg" data-link="https://www.feuerwehr-erwitte.de/index.php/einsatzberichte/brennt-pkw-am-haus/117767325_1588687497967961_5644215655413595040_n/" class="wp-image-2008" srcset="https://www.feuerwehr-erwitte.de/wp-content/uploads/2020/09/117767325_1588687497967961_5644215655413595040_n-225x300.jpg 225w, https://www.feuerwehr-erwitte.de/wp-content/uploads/2020/09/117767325_1588687497967961_5644215655413595040_n-113x150.jpg 113w, https://www.feuerwehr-erwitte.de/wp-content/uploads/2020/09/117767325_1588687497967961_5644215655413595040_n.jpg 720w" sizes="(max-width: 225px) 100vw, 225px" /></figure></li></ul></figure>
