{"id":2865,"date":"2021-04-10T12:26:00","date_gmt":"2021-04-10T11:26:00","guid":{"rendered":"https:\/\/www.feuerwehr-erwitte.de\/?post_type=einsatz&#038;p=2865"},"modified":"2021-04-12T10:00:55","modified_gmt":"2021-04-12T09:00:55","slug":"verkehrsunfall","status":"publish","type":"einsatz","link":"https:\/\/www.feuerwehr-erwitte.de\/index.php\/einsatzberichte\/verkehrsunfall\/","title":{"rendered":"Verkehrsunfall"},"content":{"rendered":"\n<p>Der L\u00f6schzug Erwitte wurde mit dem Stichwort -ManV1- zu einem Verkehrsunfall alarmiert. Beim Eintreffen des L\u00f6schzugs war der Rettungsdienst mit 3 RTW und NEF schon vor Ort.<br>In einem Kreuzungsbereich waren zwei PKWs zusammengesto\u00dfen.<br>Insgesamt waren 3 Personen betroffen, welche nach Erstversorgung Krankenh\u00e4usern zugef\u00fchrt wurden.<br>Die Aufgabe der Feuerwehr war, die Einsatzstelle abzusichern, den Brandschutz sicherzustellen und die Batterien der Fahrzeuge abzuklemmen.<br>Nach der Unfallaufnahme durch die Polizei wurde die Fahrbahn gereinigt und f\u00fcr den Verkehr wieder freigegeben.<\/p>\n\n\n\n<figure class=\"wp-block-gallery columns-3 is-cropped wp-block-gallery-1 is-layout-flex wp-block-gallery-is-layout-flex\"><ul class=\"blocks-gallery-grid\"><li class=\"blocks-gallery-item\"><figure><img fetchpriority=\"high\" decoding=\"async\" width=\"300\" height=\"300\" src=\"https:\/\/www.feuerwehr-erwitte.de\/wp-content\/uploads\/2021\/04\/0ABFD521-FB75-486B-8F78-014FCA4BA9AD-300x300.jpg\" alt=\"\" data-id=\"2866\" data-full-url=\"https:\/\/www.feuerwehr-erwitte.de\/wp-content\/uploads\/2021\/04\/0ABFD521-FB75-486B-8F78-014FCA4BA9AD-scaled.jpg\" data-link=\"https:\/\/www.feuerwehr-erwitte.de\/?attachment_id=2866\" class=\"wp-image-2866\" srcset=\"https:\/\/www.feuerwehr-erwitte.de\/wp-content\/uploads\/2021\/04\/0ABFD521-FB75-486B-8F78-014FCA4BA9AD-300x300.jpg 300w, https:\/\/www.feuerwehr-erwitte.de\/wp-content\/uploads\/2021\/04\/0ABFD521-FB75-486B-8F78-014FCA4BA9AD-150x150.jpg 150w, https:\/\/www.feuerwehr-erwitte.de\/wp-content\/uploads\/2021\/04\/0ABFD521-FB75-486B-8F78-014FCA4BA9AD-100x100.jpg 100w, https:\/\/www.feuerwehr-erwitte.de\/wp-content\/uploads\/2021\/04\/0ABFD521-FB75-486B-8F78-014FCA4BA9AD-768x768.jpg 768w, https:\/\/www.feuerwehr-erwitte.de\/wp-content\/uploads\/2021\/04\/0ABFD521-FB75-486B-8F78-014FCA4BA9AD-1536x1536.jpg 1536w, https:\/\/www.feuerwehr-erwitte.de\/wp-content\/uploads\/2021\/04\/0ABFD521-FB75-486B-8F78-014FCA4BA9AD-2048x2048.jpg 2048w\" sizes=\"(max-width: 300px) 100vw, 300px\" \/><\/figure><\/li><li class=\"blocks-gallery-item\"><figure><img decoding=\"async\" width=\"300\" height=\"300\" src=\"https:\/\/www.feuerwehr-erwitte.de\/wp-content\/uploads\/2021\/04\/3B048F02-BB4E-4211-A7B1-18CBE17ABEFA-300x300.jpg\" alt=\"\" data-id=\"2867\" data-full-url=\"https:\/\/www.feuerwehr-erwitte.de\/wp-content\/uploads\/2021\/04\/3B048F02-BB4E-4211-A7B1-18CBE17ABEFA-scaled.jpg\" data-link=\"https:\/\/www.feuerwehr-erwitte.de\/?attachment_id=2867\" class=\"wp-image-2867\" srcset=\"https:\/\/www.feuerwehr-erwitte.de\/wp-content\/uploads\/2021\/04\/3B048F02-BB4E-4211-A7B1-18CBE17ABEFA-300x300.jpg 300w, https:\/\/www.feuerwehr-erwitte.de\/wp-content\/uploads\/2021\/04\/3B048F02-BB4E-4211-A7B1-18CBE17ABEFA-150x150.jpg 150w, https:\/\/www.feuerwehr-erwitte.de\/wp-content\/uploads\/2021\/04\/3B048F02-BB4E-4211-A7B1-18CBE17ABEFA-100x100.jpg 100w, https:\/\/www.feuerwehr-erwitte.de\/wp-content\/uploads\/2021\/04\/3B048F02-BB4E-4211-A7B1-18CBE17ABEFA-768x768.jpg 768w, https:\/\/www.feuerwehr-erwitte.de\/wp-content\/uploads\/2021\/04\/3B048F02-BB4E-4211-A7B1-18CBE17ABEFA-1536x1536.jpg 1536w, https:\/\/www.feuerwehr-erwitte.de\/wp-content\/uploads\/2021\/04\/3B048F02-BB4E-4211-A7B1-18CBE17ABEFA-2048x2048.jpg 2048w\" sizes=\"(max-width: 300px) 100vw, 300px\" \/><\/figure><\/li><li class=\"blocks-gallery-item\"><figure><img decoding=\"async\" width=\"300\" height=\"300\" src=\"https:\/\/www.feuerwehr-erwitte.de\/wp-content\/uploads\/2021\/04\/IMG_2117-300x300.jpg\" alt=\"\" data-id=\"2868\" data-full-url=\"https:\/\/www.feuerwehr-erwitte.de\/wp-content\/uploads\/2021\/04\/IMG_2117-scaled.jpg\" data-link=\"https:\/\/www.feuerwehr-erwitte.de\/?attachment_id=2868\" class=\"wp-image-2868\" srcset=\"https:\/\/www.feuerwehr-erwitte.de\/wp-content\/uploads\/2021\/04\/IMG_2117-300x300.jpg 300w, https:\/\/www.feuerwehr-erwitte.de\/wp-content\/uploads\/2021\/04\/IMG_2117-150x150.jpg 150w, https:\/\/www.feuerwehr-erwitte.de\/wp-content\/uploads\/2021\/04\/IMG_2117-100x100.jpg 100w, https:\/\/www.feuerwehr-erwitte.de\/wp-content\/uploads\/2021\/04\/IMG_2117-768x768.jpg 768w, https:\/\/www.feuerwehr-erwitte.de\/wp-content\/uploads\/2021\/04\/IMG_2117-1536x1536.jpg 1536w, https:\/\/www.feuerwehr-erwitte.de\/wp-content\/uploads\/2021\/04\/IMG_2117-2048x2048.jpg 2048w\" sizes=\"(max-width: 300px) 100vw, 300px\" \/><\/figure><\/li><\/ul><\/figure>\n","protected":false},"author":5,"featured_media":0,"template":"","meta":{"ocean_post_layout":"","ocean_both_sidebars_style":"","ocean_both_sidebars_content_width":0,"ocean_both_sidebars_sidebars_width":0,"ocean_sidebar":"","ocean_second_sidebar":"","ocean_disable_margins":"enable","ocean_add_body_class":"","ocean_shortcode_before_top_bar":"","ocean_shortcode_after_top_bar":"","ocean_shortcode_before_header":"","ocean_shortcode_after_header":"","ocean_has_shortcode":"","ocean_shortcode_after_title":"","ocean_shortcode_before_footer_widgets":"","ocean_shortcode_after_footer_widgets":"","ocean_shortcode_before_footer_bottom":"","ocean_shortcode_after_footer_bottom":"","ocean_display_top_bar":"default","ocean_display_header":"default","ocean_header_style":"","ocean_center_header_left_menu":"","ocean_custom_header_template":"","ocean_custom_logo":0,"ocean_custom_retina_logo":0,"ocean_custom_logo_max_width":0,"ocean_custom_logo_tablet_max_width":0,"ocean_custom_logo_mobile_max_width":0,"ocean_custom_logo_max_height":0,"ocean_custom_logo_tablet_max_height":0,"ocean_custom_logo_mobile_max_height":0,"ocean_header_custom_menu":"","ocean_menu_typo_font_family":"","ocean_menu_typo_font_subset":"","ocean_menu_typo_font_size":0,"ocean_menu_typo_font_size_tablet":0,"ocean_menu_typo_font_size_mobile":0,"ocean_menu_typo_font_size_unit":"px","ocean_menu_typo_font_weight":"","ocean_menu_typo_font_weight_tablet":"","ocean_menu_typo_font_weight_mobile":"","ocean_menu_typo_transform":"","ocean_menu_typo_transform_tablet":"","ocean_menu_typo_transform_mobile":"","ocean_menu_typo_line_height":0,"ocean_menu_typo_line_height_tablet":0,"ocean_menu_typo_line_height_mobile":0,"ocean_menu_typo_line_height_unit":"","ocean_menu_typo_spacing":0,"ocean_menu_typo_spacing_tablet":0,"ocean_menu_typo_spacing_mobile":0,"ocean_menu_typo_spacing_unit":"","ocean_menu_link_color":"","ocean_menu_link_color_hover":"","ocean_menu_link_color_active":"","ocean_menu_link_background":"","ocean_menu_link_hover_background":"","ocean_menu_link_active_background":"","ocean_menu_social_links_bg":"","ocean_menu_social_hover_links_bg":"","ocean_menu_social_links_color":"","ocean_menu_social_hover_links_color":"","ocean_disable_title":"default","ocean_disable_heading":"default","ocean_post_title":"","ocean_post_subheading":"","ocean_post_title_style":"","ocean_post_title_background_color":"","ocean_post_title_background":0,"ocean_post_title_bg_image_position":"","ocean_post_title_bg_image_attachment":"","ocean_post_title_bg_image_repeat":"","ocean_post_title_bg_image_size":"","ocean_post_title_height":0,"ocean_post_title_bg_overlay":0.5,"ocean_post_title_bg_overlay_color":"","ocean_disable_breadcrumbs":"default","ocean_breadcrumbs_color":"","ocean_breadcrumbs_separator_color":"","ocean_breadcrumbs_links_color":"","ocean_breadcrumbs_links_hover_color":"","ocean_display_footer_widgets":"default","ocean_display_footer_bottom":"default","ocean_custom_footer_template":"","einsatz_weight":1,"footnotes":""},"categories":[5],"einsatzart":[31],"fahrzeug":[],"exteinsatzmittel":[25,26],"alarmierungsart":[17],"evw_unit":[97],"class_list":["post-2865","einsatz","type-einsatz","status-publish","hentry","category-einsatzmeldung","einsatzart-th","exteinsatzmittel-polizei","exteinsatzmittel-rettungsdienst","alarmierungsart-melder","evw_unit-lz-erwitte","entry"],"_links":{"self":[{"href":"https:\/\/www.feuerwehr-erwitte.de\/index.php\/wp-json\/wp\/v2\/einsatz\/2865","targetHints":{"allow":["GET"]}}],"collection":[{"href":"https:\/\/www.feuerwehr-erwitte.de\/index.php\/wp-json\/wp\/v2\/einsatz"}],"about":[{"href":"https:\/\/www.feuerwehr-erwitte.de\/index.php\/wp-json\/wp\/v2\/types\/einsatz"}],"author":[{"embeddable":true,"href":"https:\/\/www.feuerwehr-erwitte.de\/index.php\/wp-json\/wp\/v2\/users\/5"}],"version-history":[{"count":1,"href":"https:\/\/www.feuerwehr-erwitte.de\/index.php\/wp-json\/wp\/v2\/einsatz\/2865\/revisions"}],"predecessor-version":[{"id":2869,"href":"https:\/\/www.feuerwehr-erwitte.de\/index.php\/wp-json\/wp\/v2\/einsatz\/2865\/revisions\/2869"}],"wp:attachment":[{"href":"https:\/\/www.feuerwehr-erwitte.de\/index.php\/wp-json\/wp\/v2\/media?parent=2865"}],"wp:term":[{"taxonomy":"category","embeddable":true,"href":"https:\/\/www.feuerwehr-erwitte.de\/index.php\/wp-json\/wp\/v2\/categories?post=2865"},{"taxonomy":"einsatzart","embeddable":true,"href":"https:\/\/www.feuerwehr-erwitte.de\/index.php\/wp-json\/wp\/v2\/einsatzart?post=2865"},{"taxonomy":"fahrzeug","embeddable":true,"href":"https:\/\/www.feuerwehr-erwitte.de\/index.php\/wp-json\/wp\/v2\/fahrzeug?post=2865"},{"taxonomy":"exteinsatzmittel","embeddable":true,"href":"https:\/\/www.feuerwehr-erwitte.de\/index.php\/wp-json\/wp\/v2\/exteinsatzmittel?post=2865"},{"taxonomy":"alarmierungsart","embeddable":true,"href":"https:\/\/www.feuerwehr-erwitte.de\/index.php\/wp-json\/wp\/v2\/alarmierungsart?post=2865"},{"taxonomy":"evw_unit","embeddable":true,"href":"https:\/\/www.feuerwehr-erwitte.de\/index.php\/wp-json\/wp\/v2\/evw_unit?post=2865"}],"curies":[{"name":"wp","href":"https:\/\/api.w.org\/{rel}","templated":true}]}}

<p>Der Löschzug Erwitte wurde mit dem Stichwort -ManV1- zu einem Verkehrsunfall alarmiert. Beim Eintreffen des Löschzugs war der Rettungsdienst mit 3 RTW und NEF schon vor Ort.<br>In einem Kreuzungsbereich waren zwei PKWs zusammengestoßen.<br>Insgesamt waren 3 Personen betroffen, welche nach Erstversorgung Krankenhäusern zugeführt wurden.<br>Die Aufgabe der Feuerwehr war, die Einsatzstelle abzusichern, den Brandschutz sicherzustellen und die Batterien der Fahrzeuge abzuklemmen.<br>Nach der Unfallaufnahme durch die Polizei wurde die Fahrbahn gereinigt und für den Verkehr wieder freigegeben.</p>



<figure class="wp-block-gallery columns-3 is-cropped wp-block-gallery-1 is-layout-flex wp-block-gallery-is-layout-flex"><ul class="blocks-gallery-grid"><li class="blocks-gallery-item"><figure><img fetchpriority="high" decoding="async" width="300" height="300" src="https://www.feuerwehr-erwitte.de/wp-content/uploads/2021/04/0ABFD521-FB75-486B-8F78-014FCA4BA9AD-300x300.jpg" alt="" data-id="2866" data-full-url="https://www.feuerwehr-erwitte.de/wp-content/uploads/2021/04/0ABFD521-FB75-486B-8F78-014FCA4BA9AD-scaled.jpg" data-link="https://www.feuerwehr-erwitte.de/?attachment_id=2866" class="wp-image-2866" srcset="https://www.feuerwehr-erwitte.de/wp-content/uploads/2021/04/0ABFD521-FB75-486B-8F78-014FCA4BA9AD-300x300.jpg 300w, https://www.feuerwehr-erwitte.de/wp-content/uploads/2021/04/0ABFD521-FB75-486B-8F78-014FCA4BA9AD-150x150.jpg 150w, https://www.feuerwehr-erwitte.de/wp-content/uploads/2021/04/0ABFD521-FB75-486B-8F78-014FCA4BA9AD-100x100.jpg 100w, https://www.feuerwehr-erwitte.de/wp-content/uploads/2021/04/0ABFD521-FB75-486B-8F78-014FCA4BA9AD-768x768.jpg 768w, https://www.feuerwehr-erwitte.de/wp-content/uploads/2021/04/0ABFD521-FB75-486B-8F78-014FCA4BA9AD-1536x1536.jpg 1536w, https://www.feuerwehr-erwitte.de/wp-content/uploads/2021/04/0ABFD521-FB75-486B-8F78-014FCA4BA9AD-2048x2048.jpg 2048w" sizes="(max-width: 300px) 100vw, 300px" /></figure></li><li class="blocks-gallery-item"><figure><img decoding="async" width="300" height="300" src="https://www.feuerwehr-erwitte.de/wp-content/uploads/2021/04/3B048F02-BB4E-4211-A7B1-18CBE17ABEFA-300x300.jpg" alt="" data-id="2867" data-full-url="https://www.feuerwehr-erwitte.de/wp-content/uploads/2021/04/3B048F02-BB4E-4211-A7B1-18CBE17ABEFA-scaled.jpg" data-link="https://www.feuerwehr-erwitte.de/?attachment_id=2867" class="wp-image-2867" srcset="https://www.feuerwehr-erwitte.de/wp-content/uploads/2021/04/3B048F02-BB4E-4211-A7B1-18CBE17ABEFA-300x300.jpg 300w, https://www.feuerwehr-erwitte.de/wp-content/uploads/2021/04/3B048F02-BB4E-4211-A7B1-18CBE17ABEFA-150x150.jpg 150w, https://www.feuerwehr-erwitte.de/wp-content/uploads/2021/04/3B048F02-BB4E-4211-A7B1-18CBE17ABEFA-100x100.jpg 100w, https://www.feuerwehr-erwitte.de/wp-content/uploads/2021/04/3B048F02-BB4E-4211-A7B1-18CBE17ABEFA-768x768.jpg 768w, https://www.feuerwehr-erwitte.de/wp-content/uploads/2021/04/3B048F02-BB4E-4211-A7B1-18CBE17ABEFA-1536x1536.jpg 1536w, https://www.feuerwehr-erwitte.de/wp-content/uploads/2021/04/3B048F02-BB4E-4211-A7B1-18CBE17ABEFA-2048x2048.jpg 2048w" sizes="(max-width: 300px) 100vw, 300px" /></figure></li><li class="blocks-gallery-item"><figure><img decoding="async" width="300" height="300" src="https://www.feuerwehr-erwitte.de/wp-content/uploads/2021/04/IMG_2117-300x300.jpg" alt="" data-id="2868" data-full-url="https://www.feuerwehr-erwitte.de/wp-content/uploads/2021/04/IMG_2117-scaled.jpg" data-link="https://www.feuerwehr-erwitte.de/?attachment_id=2868" class="wp-image-2868" srcset="https://www.feuerwehr-erwitte.de/wp-content/uploads/2021/04/IMG_2117-300x300.jpg 300w, https://www.feuerwehr-erwitte.de/wp-content/uploads/2021/04/IMG_2117-150x150.jpg 150w, https://www.feuerwehr-erwitte.de/wp-content/uploads/2021/04/IMG_2117-100x100.jpg 100w, https://www.feuerwehr-erwitte.de/wp-content/uploads/2021/04/IMG_2117-768x768.jpg 768w, https://www.feuerwehr-erwitte.de/wp-content/uploads/2021/04/IMG_2117-1536x1536.jpg 1536w, https://www.feuerwehr-erwitte.de/wp-content/uploads/2021/04/IMG_2117-2048x2048.jpg 2048w" sizes="(max-width: 300px) 100vw, 300px" /></figure></li></ul></figure>
