{"id":3095,"date":"2021-08-15T14:44:00","date_gmt":"2021-08-15T12:44:00","guid":{"rendered":"https:\/\/www.feuerwehr-erwitte.de\/?post_type=einsatz&#038;p=3095"},"modified":"2021-09-06T17:19:44","modified_gmt":"2021-09-06T15:19:44","slug":"brennt-gruenschnitt","status":"publish","type":"einsatz","link":"https:\/\/www.feuerwehr-erwitte.de\/index.php\/einsatzberichte\/brennt-gruenschnitt\/","title":{"rendered":"Brennt Gr\u00fcnschnitt"},"content":{"rendered":"\n<p>Bei der Alarmierung handelte es sich um ein unangemeldetes Nutzfeuer. Nach R\u00fccksprache mit der Polizei war kein Einsatz f\u00fcr die Feuerwehr n\u00f6tig. Das Feuer wurde kontrolliert vom Verursacher abgebrannt und beobachtet.<\/p>\n\n\n\n<figure class=\"wp-block-image size-full\"><img fetchpriority=\"high\" decoding=\"async\" width=\"2560\" height=\"2560\" src=\"https:\/\/www.feuerwehr-erwitte.de\/wp-content\/uploads\/2021\/09\/4D462C8E-9C47-49CE-BE2A-B3D5F17669BD-scaled.jpg\" alt=\"\" class=\"wp-image-3096\" srcset=\"https:\/\/www.feuerwehr-erwitte.de\/wp-content\/uploads\/2021\/09\/4D462C8E-9C47-49CE-BE2A-B3D5F17669BD-scaled.jpg 2560w, https:\/\/www.feuerwehr-erwitte.de\/wp-content\/uploads\/2021\/09\/4D462C8E-9C47-49CE-BE2A-B3D5F17669BD-150x150.jpg 150w, https:\/\/www.feuerwehr-erwitte.de\/wp-content\/uploads\/2021\/09\/4D462C8E-9C47-49CE-BE2A-B3D5F17669BD-300x300.jpg 300w, https:\/\/www.feuerwehr-erwitte.de\/wp-content\/uploads\/2021\/09\/4D462C8E-9C47-49CE-BE2A-B3D5F17669BD-100x100.jpg 100w, https:\/\/www.feuerwehr-erwitte.de\/wp-content\/uploads\/2021\/09\/4D462C8E-9C47-49CE-BE2A-B3D5F17669BD-768x768.jpg 768w, https:\/\/www.feuerwehr-erwitte.de\/wp-content\/uploads\/2021\/09\/4D462C8E-9C47-49CE-BE2A-B3D5F17669BD-1536x1536.jpg 1536w, https:\/\/www.feuerwehr-erwitte.de\/wp-content\/uploads\/2021\/09\/4D462C8E-9C47-49CE-BE2A-B3D5F17669BD-2048x2048.jpg 2048w\" sizes=\"(max-width: 2560px) 100vw, 2560px\" \/><\/figure>\n","protected":false},"author":5,"featured_media":0,"template":"","meta":{"ocean_post_layout":"","ocean_both_sidebars_style":"","ocean_both_sidebars_content_width":0,"ocean_both_sidebars_sidebars_width":0,"ocean_sidebar":"","ocean_second_sidebar":"","ocean_disable_margins":"enable","ocean_add_body_class":"","ocean_shortcode_before_top_bar":"","ocean_shortcode_after_top_bar":"","ocean_shortcode_before_header":"","ocean_shortcode_after_header":"","ocean_has_shortcode":"","ocean_shortcode_after_title":"","ocean_shortcode_before_footer_widgets":"","ocean_shortcode_after_footer_widgets":"","ocean_shortcode_before_footer_bottom":"","ocean_shortcode_after_footer_bottom":"","ocean_display_top_bar":"default","ocean_display_header":"default","ocean_header_style":"","ocean_center_header_left_menu":"","ocean_custom_header_template":"","ocean_custom_logo":0,"ocean_custom_retina_logo":0,"ocean_custom_logo_max_width":0,"ocean_custom_logo_tablet_max_width":0,"ocean_custom_logo_mobile_max_width":0,"ocean_custom_logo_max_height":0,"ocean_custom_logo_tablet_max_height":0,"ocean_custom_logo_mobile_max_height":0,"ocean_header_custom_menu":"","ocean_menu_typo_font_family":"","ocean_menu_typo_font_subset":"","ocean_menu_typo_font_size":0,"ocean_menu_typo_font_size_tablet":0,"ocean_menu_typo_font_size_mobile":0,"ocean_menu_typo_font_size_unit":"px","ocean_menu_typo_font_weight":"","ocean_menu_typo_font_weight_tablet":"","ocean_menu_typo_font_weight_mobile":"","ocean_menu_typo_transform":"","ocean_menu_typo_transform_tablet":"","ocean_menu_typo_transform_mobile":"","ocean_menu_typo_line_height":0,"ocean_menu_typo_line_height_tablet":0,"ocean_menu_typo_line_height_mobile":0,"ocean_menu_typo_line_height_unit":"","ocean_menu_typo_spacing":0,"ocean_menu_typo_spacing_tablet":0,"ocean_menu_typo_spacing_mobile":0,"ocean_menu_typo_spacing_unit":"","ocean_menu_link_color":"","ocean_menu_link_color_hover":"","ocean_menu_link_color_active":"","ocean_menu_link_background":"","ocean_menu_link_hover_background":"","ocean_menu_link_active_background":"","ocean_menu_social_links_bg":"","ocean_menu_social_hover_links_bg":"","ocean_menu_social_links_color":"","ocean_menu_social_hover_links_color":"","ocean_disable_title":"default","ocean_disable_heading":"default","ocean_post_title":"","ocean_post_subheading":"","ocean_post_title_style":"","ocean_post_title_background_color":"","ocean_post_title_background":0,"ocean_post_title_bg_image_position":"","ocean_post_title_bg_image_attachment":"","ocean_post_title_bg_image_repeat":"","ocean_post_title_bg_image_size":"","ocean_post_title_height":0,"ocean_post_title_bg_overlay":0.5,"ocean_post_title_bg_overlay_color":"","ocean_disable_breadcrumbs":"default","ocean_breadcrumbs_color":"","ocean_breadcrumbs_separator_color":"","ocean_breadcrumbs_links_color":"","ocean_breadcrumbs_links_hover_color":"","ocean_display_footer_widgets":"default","ocean_display_footer_bottom":"default","ocean_custom_footer_template":"","einsatz_weight":1,"footnotes":""},"categories":[5],"einsatzart":[27],"fahrzeug":[],"exteinsatzmittel":[],"alarmierungsart":[17],"evw_unit":[97],"class_list":["post-3095","einsatz","type-einsatz","status-publish","hentry","category-einsatzmeldung","einsatzart-brand","alarmierungsart-melder","evw_unit-lz-erwitte","entry"],"_links":{"self":[{"href":"https:\/\/www.feuerwehr-erwitte.de\/index.php\/wp-json\/wp\/v2\/einsatz\/3095","targetHints":{"allow":["GET"]}}],"collection":[{"href":"https:\/\/www.feuerwehr-erwitte.de\/index.php\/wp-json\/wp\/v2\/einsatz"}],"about":[{"href":"https:\/\/www.feuerwehr-erwitte.de\/index.php\/wp-json\/wp\/v2\/types\/einsatz"}],"author":[{"embeddable":true,"href":"https:\/\/www.feuerwehr-erwitte.de\/index.php\/wp-json\/wp\/v2\/users\/5"}],"version-history":[{"count":1,"href":"https:\/\/www.feuerwehr-erwitte.de\/index.php\/wp-json\/wp\/v2\/einsatz\/3095\/revisions"}],"predecessor-version":[{"id":3097,"href":"https:\/\/www.feuerwehr-erwitte.de\/index.php\/wp-json\/wp\/v2\/einsatz\/3095\/revisions\/3097"}],"wp:attachment":[{"href":"https:\/\/www.feuerwehr-erwitte.de\/index.php\/wp-json\/wp\/v2\/media?parent=3095"}],"wp:term":[{"taxonomy":"category","embeddable":true,"href":"https:\/\/www.feuerwehr-erwitte.de\/index.php\/wp-json\/wp\/v2\/categories?post=3095"},{"taxonomy":"einsatzart","embeddable":true,"href":"https:\/\/www.feuerwehr-erwitte.de\/index.php\/wp-json\/wp\/v2\/einsatzart?post=3095"},{"taxonomy":"fahrzeug","embeddable":true,"href":"https:\/\/www.feuerwehr-erwitte.de\/index.php\/wp-json\/wp\/v2\/fahrzeug?post=3095"},{"taxonomy":"exteinsatzmittel","embeddable":true,"href":"https:\/\/www.feuerwehr-erwitte.de\/index.php\/wp-json\/wp\/v2\/exteinsatzmittel?post=3095"},{"taxonomy":"alarmierungsart","embeddable":true,"href":"https:\/\/www.feuerwehr-erwitte.de\/index.php\/wp-json\/wp\/v2\/alarmierungsart?post=3095"},{"taxonomy":"evw_unit","embeddable":true,"href":"https:\/\/www.feuerwehr-erwitte.de\/index.php\/wp-json\/wp\/v2\/evw_unit?post=3095"}],"curies":[{"name":"wp","href":"https:\/\/api.w.org\/{rel}","templated":true}]}}

Brennt Grünschnitt

<p>Bei der Alarmierung handelte es sich um ein unangemeldetes Nutzfeuer. Nach Rücksprache mit der Polizei war kein Einsatz für die Feuerwehr nötig. Das Feuer wurde kontrolliert vom Verursacher abgebrannt und beobachtet.</p>



<figure class="wp-block-image size-full"><img fetchpriority="high" decoding="async" width="2560" height="2560" src="https://www.feuerwehr-erwitte.de/wp-content/uploads/2021/09/4D462C8E-9C47-49CE-BE2A-B3D5F17669BD-scaled.jpg" alt="" class="wp-image-3096" srcset="https://www.feuerwehr-erwitte.de/wp-content/uploads/2021/09/4D462C8E-9C47-49CE-BE2A-B3D5F17669BD-scaled.jpg 2560w, https://www.feuerwehr-erwitte.de/wp-content/uploads/2021/09/4D462C8E-9C47-49CE-BE2A-B3D5F17669BD-150x150.jpg 150w, https://www.feuerwehr-erwitte.de/wp-content/uploads/2021/09/4D462C8E-9C47-49CE-BE2A-B3D5F17669BD-300x300.jpg 300w, https://www.feuerwehr-erwitte.de/wp-content/uploads/2021/09/4D462C8E-9C47-49CE-BE2A-B3D5F17669BD-100x100.jpg 100w, https://www.feuerwehr-erwitte.de/wp-content/uploads/2021/09/4D462C8E-9C47-49CE-BE2A-B3D5F17669BD-768x768.jpg 768w, https://www.feuerwehr-erwitte.de/wp-content/uploads/2021/09/4D462C8E-9C47-49CE-BE2A-B3D5F17669BD-1536x1536.jpg 1536w, https://www.feuerwehr-erwitte.de/wp-content/uploads/2021/09/4D462C8E-9C47-49CE-BE2A-B3D5F17669BD-2048x2048.jpg 2048w" sizes="(max-width: 2560px) 100vw, 2560px" /></figure>
