{"id":3411,"date":"2021-12-28T17:54:00","date_gmt":"2021-12-28T15:54:00","guid":{"rendered":"https:\/\/www.feuerwehr-erwitte.de\/?post_type=einsatz&#038;p=3411"},"modified":"2022-01-05T14:39:23","modified_gmt":"2022-01-05T12:39:23","slug":"personensuche-nach-verkehrsunfall","status":"publish","type":"einsatz","link":"https:\/\/www.feuerwehr-erwitte.de\/index.php\/einsatzberichte\/personensuche-nach-verkehrsunfall\/","title":{"rendered":"Personensuche nach Verkehrsunfall"},"content":{"rendered":"\n<p>Am gestrigen Abend wurde die Feuerwehr Erwitte mit dem L\u00f6schzug Erwitte und <a href=\"https:\/\/www.facebook.com\/loeschzug.westernkotten\/?__cft__[0]=AZXshDEpa4gozRohecbb5yHiIHQg1gx7VGBgXdeqD6il0G_CSMsN95lwMam43xw0o_dR2EylE6x4NLY7DO-A7fmpd6jCojSezr1LdIGH65xynFsxU-4mVF3Ec50Ys6Qn6fxOTqGHIYhz4ksIKgS0vchVl9XHfjO9smwSexLaTd1opg&amp;__tn__=kK-R\">L\u00f6schzug Bad Westernkotten<\/a>, sowie der Rettungsdienst, um kurz vor 18:00 Uhr mit dem Stichwort ABC1 zu einem Verkehrsunfall alarmiert. Die Polizei hatte w\u00e4hrend der Unfallaufnahme festgestellt, dass sich im Heck des PKW eine Gasflasche befand, welche von einer unbekannten Fl\u00fcssigkeit bedeckt war.<br>Nach der Erkundung stellte sich heraus, dass es sich lediglich um Bitumenfarbe handelte, welche aufgrund des Unfalls ausgelaufen war und sich im PKW verteilt hatte.<br>F\u00fcr deutlich mehr Kopfzerbrechen sorgte derweil der Verunfallte, dieser war n\u00e4mlich vor Ort nicht aufzufinden. Um auszuschlie\u00dfen, dass die Person, wom\u00f6glich durch den Unfall verletzt, in n\u00e4hrer Umgebung zum Unfallort Hilfe ben\u00f6tigt, wurde die Einsatzstelle gro\u00dfr\u00e4umig abgesucht. Hierzu setzten wir diverse Fu\u00dftrupps, unter anderem mit W\u00e4rmebildkamere, ein. Die Polizei unterst\u00fctzte mit einem Polizeihubschrauber. Zudem wurde auch die Drohnengruppe des Kreises Soest angefordert, welche die Personensuche ebenso aus der Luft unterst\u00fctzte.<br>Die Suche wurde nach einiger Zeit erfolglos abgebrochen, die Polizei setzt ihre Ermittlungen zum Unfallhergang derweil fort.<br>Nach 2,5 Stunden wurde der Einsatz beendet und alle beteligten Kr\u00e4fte konnten wieder einr\u00fccken.<\/p>\n\n\n\n<figure class=\"wp-block-gallery columns-2 is-cropped wp-block-gallery-1 is-layout-flex wp-block-gallery-is-layout-flex\"><ul class=\"blocks-gallery-grid\"><li class=\"blocks-gallery-item\"><figure><img fetchpriority=\"high\" decoding=\"async\" width=\"2048\" height=\"2048\" src=\"https:\/\/www.feuerwehr-erwitte.de\/wp-content\/uploads\/2022\/01\/269745731_285422980315655_3709153422693578048_n.jpg\" alt=\"\" data-id=\"3412\" data-full-url=\"https:\/\/www.feuerwehr-erwitte.de\/wp-content\/uploads\/2022\/01\/269745731_285422980315655_3709153422693578048_n.jpg\" data-link=\"https:\/\/www.feuerwehr-erwitte.de\/?attachment_id=3412\" class=\"wp-image-3412\" srcset=\"https:\/\/www.feuerwehr-erwitte.de\/wp-content\/uploads\/2022\/01\/269745731_285422980315655_3709153422693578048_n.jpg 2048w, https:\/\/www.feuerwehr-erwitte.de\/wp-content\/uploads\/2022\/01\/269745731_285422980315655_3709153422693578048_n-150x150.jpg 150w, https:\/\/www.feuerwehr-erwitte.de\/wp-content\/uploads\/2022\/01\/269745731_285422980315655_3709153422693578048_n-300x300.jpg 300w, https:\/\/www.feuerwehr-erwitte.de\/wp-content\/uploads\/2022\/01\/269745731_285422980315655_3709153422693578048_n-100x100.jpg 100w, https:\/\/www.feuerwehr-erwitte.de\/wp-content\/uploads\/2022\/01\/269745731_285422980315655_3709153422693578048_n-768x768.jpg 768w, https:\/\/www.feuerwehr-erwitte.de\/wp-content\/uploads\/2022\/01\/269745731_285422980315655_3709153422693578048_n-1536x1536.jpg 1536w\" sizes=\"(max-width: 2048px) 100vw, 2048px\" \/><\/figure><\/li><li class=\"blocks-gallery-item\"><figure><img decoding=\"async\" width=\"300\" height=\"300\" src=\"https:\/\/www.feuerwehr-erwitte.de\/wp-content\/uploads\/2022\/01\/270051513_285422990315654_2669368946601210261_n-300x300.jpg\" alt=\"\" data-id=\"3413\" data-full-url=\"https:\/\/www.feuerwehr-erwitte.de\/wp-content\/uploads\/2022\/01\/270051513_285422990315654_2669368946601210261_n.jpg\" data-link=\"https:\/\/www.feuerwehr-erwitte.de\/?attachment_id=3413\" class=\"wp-image-3413\" srcset=\"https:\/\/www.feuerwehr-erwitte.de\/wp-content\/uploads\/2022\/01\/270051513_285422990315654_2669368946601210261_n-300x300.jpg 300w, https:\/\/www.feuerwehr-erwitte.de\/wp-content\/uploads\/2022\/01\/270051513_285422990315654_2669368946601210261_n-150x150.jpg 150w, https:\/\/www.feuerwehr-erwitte.de\/wp-content\/uploads\/2022\/01\/270051513_285422990315654_2669368946601210261_n-100x100.jpg 100w, https:\/\/www.feuerwehr-erwitte.de\/wp-content\/uploads\/2022\/01\/270051513_285422990315654_2669368946601210261_n-768x768.jpg 768w, https:\/\/www.feuerwehr-erwitte.de\/wp-content\/uploads\/2022\/01\/270051513_285422990315654_2669368946601210261_n-1536x1536.jpg 1536w, https:\/\/www.feuerwehr-erwitte.de\/wp-content\/uploads\/2022\/01\/270051513_285422990315654_2669368946601210261_n.jpg 2048w\" sizes=\"(max-width: 300px) 100vw, 300px\" \/><\/figure><\/li><\/ul><\/figure>\n","protected":false},"author":5,"featured_media":0,"template":"","meta":{"ocean_post_layout":"","ocean_both_sidebars_style":"","ocean_both_sidebars_content_width":0,"ocean_both_sidebars_sidebars_width":0,"ocean_sidebar":"","ocean_second_sidebar":"","ocean_disable_margins":"enable","ocean_add_body_class":"","ocean_shortcode_before_top_bar":"","ocean_shortcode_after_top_bar":"","ocean_shortcode_before_header":"","ocean_shortcode_after_header":"","ocean_has_shortcode":"","ocean_shortcode_after_title":"","ocean_shortcode_before_footer_widgets":"","ocean_shortcode_after_footer_widgets":"","ocean_shortcode_before_footer_bottom":"","ocean_shortcode_after_footer_bottom":"","ocean_display_top_bar":"default","ocean_display_header":"default","ocean_header_style":"","ocean_center_header_left_menu":"","ocean_custom_header_template":"","ocean_custom_logo":0,"ocean_custom_retina_logo":0,"ocean_custom_logo_max_width":0,"ocean_custom_logo_tablet_max_width":0,"ocean_custom_logo_mobile_max_width":0,"ocean_custom_logo_max_height":0,"ocean_custom_logo_tablet_max_height":0,"ocean_custom_logo_mobile_max_height":0,"ocean_header_custom_menu":"","ocean_menu_typo_font_family":"","ocean_menu_typo_font_subset":"","ocean_menu_typo_font_size":0,"ocean_menu_typo_font_size_tablet":0,"ocean_menu_typo_font_size_mobile":0,"ocean_menu_typo_font_size_unit":"px","ocean_menu_typo_font_weight":"","ocean_menu_typo_font_weight_tablet":"","ocean_menu_typo_font_weight_mobile":"","ocean_menu_typo_transform":"","ocean_menu_typo_transform_tablet":"","ocean_menu_typo_transform_mobile":"","ocean_menu_typo_line_height":0,"ocean_menu_typo_line_height_tablet":0,"ocean_menu_typo_line_height_mobile":0,"ocean_menu_typo_line_height_unit":"","ocean_menu_typo_spacing":0,"ocean_menu_typo_spacing_tablet":0,"ocean_menu_typo_spacing_mobile":0,"ocean_menu_typo_spacing_unit":"","ocean_menu_link_color":"","ocean_menu_link_color_hover":"","ocean_menu_link_color_active":"","ocean_menu_link_background":"","ocean_menu_link_hover_background":"","ocean_menu_link_active_background":"","ocean_menu_social_links_bg":"","ocean_menu_social_hover_links_bg":"","ocean_menu_social_links_color":"","ocean_menu_social_hover_links_color":"","ocean_disable_title":"default","ocean_disable_heading":"default","ocean_post_title":"","ocean_post_subheading":"","ocean_post_title_style":"","ocean_post_title_background_color":"","ocean_post_title_background":0,"ocean_post_title_bg_image_position":"","ocean_post_title_bg_image_attachment":"","ocean_post_title_bg_image_repeat":"","ocean_post_title_bg_image_size":"","ocean_post_title_height":0,"ocean_post_title_bg_overlay":0.5,"ocean_post_title_bg_overlay_color":"","ocean_disable_breadcrumbs":"default","ocean_breadcrumbs_color":"","ocean_breadcrumbs_separator_color":"","ocean_breadcrumbs_links_color":"","ocean_breadcrumbs_links_hover_color":"","ocean_display_footer_widgets":"default","ocean_display_footer_bottom":"default","ocean_custom_footer_template":"","einsatz_weight":1,"footnotes":""},"categories":[5],"einsatzart":[35],"fahrzeug":[],"exteinsatzmittel":[25,26,98],"alarmierungsart":[17],"evw_unit":[96,97],"class_list":["post-3411","einsatz","type-einsatz","status-publish","hentry","category-einsatzmeldung","einsatzart-abc","exteinsatzmittel-polizei","exteinsatzmittel-rettungsdienst","exteinsatzmittel-rettungshubschrauber","alarmierungsart-melder","evw_unit-lz-bad-westernkotten","evw_unit-lz-erwitte","entry"],"_links":{"self":[{"href":"https:\/\/www.feuerwehr-erwitte.de\/index.php\/wp-json\/wp\/v2\/einsatz\/3411","targetHints":{"allow":["GET"]}}],"collection":[{"href":"https:\/\/www.feuerwehr-erwitte.de\/index.php\/wp-json\/wp\/v2\/einsatz"}],"about":[{"href":"https:\/\/www.feuerwehr-erwitte.de\/index.php\/wp-json\/wp\/v2\/types\/einsatz"}],"author":[{"embeddable":true,"href":"https:\/\/www.feuerwehr-erwitte.de\/index.php\/wp-json\/wp\/v2\/users\/5"}],"version-history":[{"count":1,"href":"https:\/\/www.feuerwehr-erwitte.de\/index.php\/wp-json\/wp\/v2\/einsatz\/3411\/revisions"}],"predecessor-version":[{"id":3414,"href":"https:\/\/www.feuerwehr-erwitte.de\/index.php\/wp-json\/wp\/v2\/einsatz\/3411\/revisions\/3414"}],"wp:attachment":[{"href":"https:\/\/www.feuerwehr-erwitte.de\/index.php\/wp-json\/wp\/v2\/media?parent=3411"}],"wp:term":[{"taxonomy":"category","embeddable":true,"href":"https:\/\/www.feuerwehr-erwitte.de\/index.php\/wp-json\/wp\/v2\/categories?post=3411"},{"taxonomy":"einsatzart","embeddable":true,"href":"https:\/\/www.feuerwehr-erwitte.de\/index.php\/wp-json\/wp\/v2\/einsatzart?post=3411"},{"taxonomy":"fahrzeug","embeddable":true,"href":"https:\/\/www.feuerwehr-erwitte.de\/index.php\/wp-json\/wp\/v2\/fahrzeug?post=3411"},{"taxonomy":"exteinsatzmittel","embeddable":true,"href":"https:\/\/www.feuerwehr-erwitte.de\/index.php\/wp-json\/wp\/v2\/exteinsatzmittel?post=3411"},{"taxonomy":"alarmierungsart","embeddable":true,"href":"https:\/\/www.feuerwehr-erwitte.de\/index.php\/wp-json\/wp\/v2\/alarmierungsart?post=3411"},{"taxonomy":"evw_unit","embeddable":true,"href":"https:\/\/www.feuerwehr-erwitte.de\/index.php\/wp-json\/wp\/v2\/evw_unit?post=3411"}],"curies":[{"name":"wp","href":"https:\/\/api.w.org\/{rel}","templated":true}]}}

<p>Am gestrigen Abend wurde die Feuerwehr Erwitte mit dem Löschzug Erwitte und <a href="https://www.facebook.com/loeschzug.westernkotten/?__cft__[0]=AZXshDEpa4gozRohecbb5yHiIHQg1gx7VGBgXdeqD6il0G_CSMsN95lwMam43xw0o_dR2EylE6x4NLY7DO-A7fmpd6jCojSezr1LdIGH65xynFsxU-4mVF3Ec50Ys6Qn6fxOTqGHIYhz4ksIKgS0vchVl9XHfjO9smwSexLaTd1opg&amp;__tn__=kK-R">Löschzug Bad Westernkotten</a>, sowie der Rettungsdienst, um kurz vor 18:00 Uhr mit dem Stichwort ABC1 zu einem Verkehrsunfall alarmiert. Die Polizei hatte während der Unfallaufnahme festgestellt, dass sich im Heck des PKW eine Gasflasche befand, welche von einer unbekannten Flüssigkeit bedeckt war.<br>Nach der Erkundung stellte sich heraus, dass es sich lediglich um Bitumenfarbe handelte, welche aufgrund des Unfalls ausgelaufen war und sich im PKW verteilt hatte.<br>Für deutlich mehr Kopfzerbrechen sorgte derweil der Verunfallte, dieser war nämlich vor Ort nicht aufzufinden. Um auszuschließen, dass die Person, womöglich durch den Unfall verletzt, in nährer Umgebung zum Unfallort Hilfe benötigt, wurde die Einsatzstelle großräumig abgesucht. Hierzu setzten wir diverse Fußtrupps, unter anderem mit Wärmebildkamere, ein. Die Polizei unterstützte mit einem Polizeihubschrauber. Zudem wurde auch die Drohnengruppe des Kreises Soest angefordert, welche die Personensuche ebenso aus der Luft unterstützte.<br>Die Suche wurde nach einiger Zeit erfolglos abgebrochen, die Polizei setzt ihre Ermittlungen zum Unfallhergang derweil fort.<br>Nach 2,5 Stunden wurde der Einsatz beendet und alle beteligten Kräfte konnten wieder einrücken.</p>



<figure class="wp-block-gallery columns-2 is-cropped wp-block-gallery-1 is-layout-flex wp-block-gallery-is-layout-flex"><ul class="blocks-gallery-grid"><li class="blocks-gallery-item"><figure><img fetchpriority="high" decoding="async" width="2048" height="2048" src="https://www.feuerwehr-erwitte.de/wp-content/uploads/2022/01/269745731_285422980315655_3709153422693578048_n.jpg" alt="" data-id="3412" data-full-url="https://www.feuerwehr-erwitte.de/wp-content/uploads/2022/01/269745731_285422980315655_3709153422693578048_n.jpg" data-link="https://www.feuerwehr-erwitte.de/?attachment_id=3412" class="wp-image-3412" srcset="https://www.feuerwehr-erwitte.de/wp-content/uploads/2022/01/269745731_285422980315655_3709153422693578048_n.jpg 2048w, https://www.feuerwehr-erwitte.de/wp-content/uploads/2022/01/269745731_285422980315655_3709153422693578048_n-150x150.jpg 150w, https://www.feuerwehr-erwitte.de/wp-content/uploads/2022/01/269745731_285422980315655_3709153422693578048_n-300x300.jpg 300w, https://www.feuerwehr-erwitte.de/wp-content/uploads/2022/01/269745731_285422980315655_3709153422693578048_n-100x100.jpg 100w, https://www.feuerwehr-erwitte.de/wp-content/uploads/2022/01/269745731_285422980315655_3709153422693578048_n-768x768.jpg 768w, https://www.feuerwehr-erwitte.de/wp-content/uploads/2022/01/269745731_285422980315655_3709153422693578048_n-1536x1536.jpg 1536w" sizes="(max-width: 2048px) 100vw, 2048px" /></figure></li><li class="blocks-gallery-item"><figure><img decoding="async" width="300" height="300" src="https://www.feuerwehr-erwitte.de/wp-content/uploads/2022/01/270051513_285422990315654_2669368946601210261_n-300x300.jpg" alt="" data-id="3413" data-full-url="https://www.feuerwehr-erwitte.de/wp-content/uploads/2022/01/270051513_285422990315654_2669368946601210261_n.jpg" data-link="https://www.feuerwehr-erwitte.de/?attachment_id=3413" class="wp-image-3413" srcset="https://www.feuerwehr-erwitte.de/wp-content/uploads/2022/01/270051513_285422990315654_2669368946601210261_n-300x300.jpg 300w, https://www.feuerwehr-erwitte.de/wp-content/uploads/2022/01/270051513_285422990315654_2669368946601210261_n-150x150.jpg 150w, https://www.feuerwehr-erwitte.de/wp-content/uploads/2022/01/270051513_285422990315654_2669368946601210261_n-100x100.jpg 100w, https://www.feuerwehr-erwitte.de/wp-content/uploads/2022/01/270051513_285422990315654_2669368946601210261_n-768x768.jpg 768w, https://www.feuerwehr-erwitte.de/wp-content/uploads/2022/01/270051513_285422990315654_2669368946601210261_n-1536x1536.jpg 1536w, https://www.feuerwehr-erwitte.de/wp-content/uploads/2022/01/270051513_285422990315654_2669368946601210261_n.jpg 2048w" sizes="(max-width: 300px) 100vw, 300px" /></figure></li></ul></figure>
