{"id":3812,"date":"2022-07-14T13:51:00","date_gmt":"2022-07-14T11:51:00","guid":{"rendered":"https:\/\/www.feuerwehr-erwitte.de\/?post_type=einsatz&#038;p=3812"},"modified":"2022-08-17T13:11:17","modified_gmt":"2022-08-17T11:11:17","slug":"brennt-feld-an-der-strasse","status":"publish","type":"einsatz","link":"https:\/\/www.feuerwehr-erwitte.de\/index.php\/einsatzberichte\/brennt-feld-an-der-strasse\/","title":{"rendered":"Brennt Feld an der Stra\u00dfe"},"content":{"rendered":"\n<p>Am fr\u00fchen Nachmittag wurde der zweite Verband zu einem Stoppelbrand von ca. 200 qm an der B1 H\u00f6he Schallern gerufen.<br>Der LZ Horn-Millinghausen und die LG Schallern konnten den Brand durch ihr fr\u00fches Eintreffen schnell unter Kontrolle bringen.<br>Ein \u00f6rtlicher Landwirt konnte mit seinem Traktor zur Eind\u00e4mmung eine Furche in das Feld ziehen.<\/p>\n\n\n\n<figure class=\"wp-block-gallery has-nested-images columns-default is-cropped wp-block-gallery-1 is-layout-flex wp-block-gallery-is-layout-flex\">\n<figure class=\"wp-block-image size-full\"><img fetchpriority=\"high\" decoding=\"async\" width=\"2048\" height=\"2048\" data-id=\"3975\" src=\"https:\/\/www.feuerwehr-erwitte.de\/wp-content\/uploads\/2022\/08\/20220714_Brennt_Feld_1.jpg\" alt=\"\" class=\"wp-image-3975\" srcset=\"https:\/\/www.feuerwehr-erwitte.de\/wp-content\/uploads\/2022\/08\/20220714_Brennt_Feld_1.jpg 2048w, https:\/\/www.feuerwehr-erwitte.de\/wp-content\/uploads\/2022\/08\/20220714_Brennt_Feld_1-150x150.jpg 150w, https:\/\/www.feuerwehr-erwitte.de\/wp-content\/uploads\/2022\/08\/20220714_Brennt_Feld_1-300x300.jpg 300w, https:\/\/www.feuerwehr-erwitte.de\/wp-content\/uploads\/2022\/08\/20220714_Brennt_Feld_1-100x100.jpg 100w, https:\/\/www.feuerwehr-erwitte.de\/wp-content\/uploads\/2022\/08\/20220714_Brennt_Feld_1-768x768.jpg 768w, https:\/\/www.feuerwehr-erwitte.de\/wp-content\/uploads\/2022\/08\/20220714_Brennt_Feld_1-1536x1536.jpg 1536w\" sizes=\"(max-width: 2048px) 100vw, 2048px\" \/><\/figure>\n\n\n\n<figure class=\"wp-block-image size-full\"><img decoding=\"async\" width=\"2048\" height=\"2048\" data-id=\"3976\" src=\"https:\/\/www.feuerwehr-erwitte.de\/wp-content\/uploads\/2022\/08\/20220714_Brennt_Feld_2.jpg\" alt=\"\" class=\"wp-image-3976\" srcset=\"https:\/\/www.feuerwehr-erwitte.de\/wp-content\/uploads\/2022\/08\/20220714_Brennt_Feld_2.jpg 2048w, https:\/\/www.feuerwehr-erwitte.de\/wp-content\/uploads\/2022\/08\/20220714_Brennt_Feld_2-150x150.jpg 150w, https:\/\/www.feuerwehr-erwitte.de\/wp-content\/uploads\/2022\/08\/20220714_Brennt_Feld_2-300x300.jpg 300w, https:\/\/www.feuerwehr-erwitte.de\/wp-content\/uploads\/2022\/08\/20220714_Brennt_Feld_2-100x100.jpg 100w, https:\/\/www.feuerwehr-erwitte.de\/wp-content\/uploads\/2022\/08\/20220714_Brennt_Feld_2-768x768.jpg 768w, https:\/\/www.feuerwehr-erwitte.de\/wp-content\/uploads\/2022\/08\/20220714_Brennt_Feld_2-1536x1536.jpg 1536w\" sizes=\"(max-width: 2048px) 100vw, 2048px\" \/><\/figure>\n\n\n\n<figure class=\"wp-block-image size-full\"><img decoding=\"async\" width=\"2048\" height=\"2048\" data-id=\"3977\" src=\"https:\/\/www.feuerwehr-erwitte.de\/wp-content\/uploads\/2022\/08\/20220714_Brennt_Feld_3.jpg\" alt=\"\" class=\"wp-image-3977\" srcset=\"https:\/\/www.feuerwehr-erwitte.de\/wp-content\/uploads\/2022\/08\/20220714_Brennt_Feld_3.jpg 2048w, https:\/\/www.feuerwehr-erwitte.de\/wp-content\/uploads\/2022\/08\/20220714_Brennt_Feld_3-150x150.jpg 150w, https:\/\/www.feuerwehr-erwitte.de\/wp-content\/uploads\/2022\/08\/20220714_Brennt_Feld_3-300x300.jpg 300w, https:\/\/www.feuerwehr-erwitte.de\/wp-content\/uploads\/2022\/08\/20220714_Brennt_Feld_3-100x100.jpg 100w, https:\/\/www.feuerwehr-erwitte.de\/wp-content\/uploads\/2022\/08\/20220714_Brennt_Feld_3-768x768.jpg 768w, https:\/\/www.feuerwehr-erwitte.de\/wp-content\/uploads\/2022\/08\/20220714_Brennt_Feld_3-1536x1536.jpg 1536w\" sizes=\"(max-width: 2048px) 100vw, 2048px\" \/><\/figure>\n<\/figure>\n","protected":false},"author":5,"featured_media":0,"template":"","meta":{"ocean_post_layout":"","ocean_both_sidebars_style":"","ocean_both_sidebars_content_width":0,"ocean_both_sidebars_sidebars_width":0,"ocean_sidebar":"","ocean_second_sidebar":"","ocean_disable_margins":"enable","ocean_add_body_class":"","ocean_shortcode_before_top_bar":"","ocean_shortcode_after_top_bar":"","ocean_shortcode_before_header":"","ocean_shortcode_after_header":"","ocean_has_shortcode":"","ocean_shortcode_after_title":"","ocean_shortcode_before_footer_widgets":"","ocean_shortcode_after_footer_widgets":"","ocean_shortcode_before_footer_bottom":"","ocean_shortcode_after_footer_bottom":"","ocean_display_top_bar":"default","ocean_display_header":"default","ocean_header_style":"","ocean_center_header_left_menu":"","ocean_custom_header_template":"","ocean_custom_logo":0,"ocean_custom_retina_logo":0,"ocean_custom_logo_max_width":0,"ocean_custom_logo_tablet_max_width":0,"ocean_custom_logo_mobile_max_width":0,"ocean_custom_logo_max_height":0,"ocean_custom_logo_tablet_max_height":0,"ocean_custom_logo_mobile_max_height":0,"ocean_header_custom_menu":"","ocean_menu_typo_font_family":"","ocean_menu_typo_font_subset":"","ocean_menu_typo_font_size":0,"ocean_menu_typo_font_size_tablet":0,"ocean_menu_typo_font_size_mobile":0,"ocean_menu_typo_font_size_unit":"px","ocean_menu_typo_font_weight":"","ocean_menu_typo_font_weight_tablet":"","ocean_menu_typo_font_weight_mobile":"","ocean_menu_typo_transform":"","ocean_menu_typo_transform_tablet":"","ocean_menu_typo_transform_mobile":"","ocean_menu_typo_line_height":0,"ocean_menu_typo_line_height_tablet":0,"ocean_menu_typo_line_height_mobile":0,"ocean_menu_typo_line_height_unit":"","ocean_menu_typo_spacing":0,"ocean_menu_typo_spacing_tablet":0,"ocean_menu_typo_spacing_mobile":0,"ocean_menu_typo_spacing_unit":"","ocean_menu_link_color":"","ocean_menu_link_color_hover":"","ocean_menu_link_color_active":"","ocean_menu_link_background":"","ocean_menu_link_hover_background":"","ocean_menu_link_active_background":"","ocean_menu_social_links_bg":"","ocean_menu_social_hover_links_bg":"","ocean_menu_social_links_color":"","ocean_menu_social_hover_links_color":"","ocean_disable_title":"default","ocean_disable_heading":"default","ocean_post_title":"","ocean_post_subheading":"","ocean_post_title_style":"","ocean_post_title_background_color":"","ocean_post_title_background":0,"ocean_post_title_bg_image_position":"","ocean_post_title_bg_image_attachment":"","ocean_post_title_bg_image_repeat":"","ocean_post_title_bg_image_size":"","ocean_post_title_height":0,"ocean_post_title_bg_overlay":0.5,"ocean_post_title_bg_overlay_color":"","ocean_disable_breadcrumbs":"default","ocean_breadcrumbs_color":"","ocean_breadcrumbs_separator_color":"","ocean_breadcrumbs_links_color":"","ocean_breadcrumbs_links_hover_color":"","ocean_display_footer_widgets":"default","ocean_display_footer_bottom":"default","ocean_custom_footer_template":"","einsatz_weight":1,"footnotes":""},"categories":[5],"einsatzart":[27],"fahrzeug":[],"exteinsatzmittel":[],"alarmierungsart":[17],"evw_unit":[93,91,90,92],"class_list":["post-3812","einsatz","type-einsatz","status-publish","hentry","category-einsatzmeldung","einsatzart-brand","alarmierungsart-melder","evw_unit-lg-boeckum-norddorf","evw_unit-lg-schallern","evw_unit-lg-schmerlecke","evw_unit-lz-horn-millinghausen","entry"],"_links":{"self":[{"href":"https:\/\/www.feuerwehr-erwitte.de\/index.php\/wp-json\/wp\/v2\/einsatz\/3812","targetHints":{"allow":["GET"]}}],"collection":[{"href":"https:\/\/www.feuerwehr-erwitte.de\/index.php\/wp-json\/wp\/v2\/einsatz"}],"about":[{"href":"https:\/\/www.feuerwehr-erwitte.de\/index.php\/wp-json\/wp\/v2\/types\/einsatz"}],"author":[{"embeddable":true,"href":"https:\/\/www.feuerwehr-erwitte.de\/index.php\/wp-json\/wp\/v2\/users\/5"}],"version-history":[{"count":2,"href":"https:\/\/www.feuerwehr-erwitte.de\/index.php\/wp-json\/wp\/v2\/einsatz\/3812\/revisions"}],"predecessor-version":[{"id":3978,"href":"https:\/\/www.feuerwehr-erwitte.de\/index.php\/wp-json\/wp\/v2\/einsatz\/3812\/revisions\/3978"}],"wp:attachment":[{"href":"https:\/\/www.feuerwehr-erwitte.de\/index.php\/wp-json\/wp\/v2\/media?parent=3812"}],"wp:term":[{"taxonomy":"category","embeddable":true,"href":"https:\/\/www.feuerwehr-erwitte.de\/index.php\/wp-json\/wp\/v2\/categories?post=3812"},{"taxonomy":"einsatzart","embeddable":true,"href":"https:\/\/www.feuerwehr-erwitte.de\/index.php\/wp-json\/wp\/v2\/einsatzart?post=3812"},{"taxonomy":"fahrzeug","embeddable":true,"href":"https:\/\/www.feuerwehr-erwitte.de\/index.php\/wp-json\/wp\/v2\/fahrzeug?post=3812"},{"taxonomy":"exteinsatzmittel","embeddable":true,"href":"https:\/\/www.feuerwehr-erwitte.de\/index.php\/wp-json\/wp\/v2\/exteinsatzmittel?post=3812"},{"taxonomy":"alarmierungsart","embeddable":true,"href":"https:\/\/www.feuerwehr-erwitte.de\/index.php\/wp-json\/wp\/v2\/alarmierungsart?post=3812"},{"taxonomy":"evw_unit","embeddable":true,"href":"https:\/\/www.feuerwehr-erwitte.de\/index.php\/wp-json\/wp\/v2\/evw_unit?post=3812"}],"curies":[{"name":"wp","href":"https:\/\/api.w.org\/{rel}","templated":true}]}}

Brennt Feld an der Straße

<p>Am frühen Nachmittag wurde der zweite Verband zu einem Stoppelbrand von ca. 200 qm an der B1 Höhe Schallern gerufen.<br>Der LZ Horn-Millinghausen und die LG Schallern konnten den Brand durch ihr frühes Eintreffen schnell unter Kontrolle bringen.<br>Ein örtlicher Landwirt konnte mit seinem Traktor zur Eindämmung eine Furche in das Feld ziehen.</p>



<figure class="wp-block-gallery has-nested-images columns-default is-cropped wp-block-gallery-1 is-layout-flex wp-block-gallery-is-layout-flex">
<figure class="wp-block-image size-full"><img fetchpriority="high" decoding="async" width="2048" height="2048" data-id="3975" src="https://www.feuerwehr-erwitte.de/wp-content/uploads/2022/08/20220714_Brennt_Feld_1.jpg" alt="" class="wp-image-3975" srcset="https://www.feuerwehr-erwitte.de/wp-content/uploads/2022/08/20220714_Brennt_Feld_1.jpg 2048w, https://www.feuerwehr-erwitte.de/wp-content/uploads/2022/08/20220714_Brennt_Feld_1-150x150.jpg 150w, https://www.feuerwehr-erwitte.de/wp-content/uploads/2022/08/20220714_Brennt_Feld_1-300x300.jpg 300w, https://www.feuerwehr-erwitte.de/wp-content/uploads/2022/08/20220714_Brennt_Feld_1-100x100.jpg 100w, https://www.feuerwehr-erwitte.de/wp-content/uploads/2022/08/20220714_Brennt_Feld_1-768x768.jpg 768w, https://www.feuerwehr-erwitte.de/wp-content/uploads/2022/08/20220714_Brennt_Feld_1-1536x1536.jpg 1536w" sizes="(max-width: 2048px) 100vw, 2048px" /></figure>



<figure class="wp-block-image size-full"><img decoding="async" width="2048" height="2048" data-id="3976" src="https://www.feuerwehr-erwitte.de/wp-content/uploads/2022/08/20220714_Brennt_Feld_2.jpg" alt="" class="wp-image-3976" srcset="https://www.feuerwehr-erwitte.de/wp-content/uploads/2022/08/20220714_Brennt_Feld_2.jpg 2048w, https://www.feuerwehr-erwitte.de/wp-content/uploads/2022/08/20220714_Brennt_Feld_2-150x150.jpg 150w, https://www.feuerwehr-erwitte.de/wp-content/uploads/2022/08/20220714_Brennt_Feld_2-300x300.jpg 300w, https://www.feuerwehr-erwitte.de/wp-content/uploads/2022/08/20220714_Brennt_Feld_2-100x100.jpg 100w, https://www.feuerwehr-erwitte.de/wp-content/uploads/2022/08/20220714_Brennt_Feld_2-768x768.jpg 768w, https://www.feuerwehr-erwitte.de/wp-content/uploads/2022/08/20220714_Brennt_Feld_2-1536x1536.jpg 1536w" sizes="(max-width: 2048px) 100vw, 2048px" /></figure>



<figure class="wp-block-image size-full"><img decoding="async" width="2048" height="2048" data-id="3977" src="https://www.feuerwehr-erwitte.de/wp-content/uploads/2022/08/20220714_Brennt_Feld_3.jpg" alt="" class="wp-image-3977" srcset="https://www.feuerwehr-erwitte.de/wp-content/uploads/2022/08/20220714_Brennt_Feld_3.jpg 2048w, https://www.feuerwehr-erwitte.de/wp-content/uploads/2022/08/20220714_Brennt_Feld_3-150x150.jpg 150w, https://www.feuerwehr-erwitte.de/wp-content/uploads/2022/08/20220714_Brennt_Feld_3-300x300.jpg 300w, https://www.feuerwehr-erwitte.de/wp-content/uploads/2022/08/20220714_Brennt_Feld_3-100x100.jpg 100w, https://www.feuerwehr-erwitte.de/wp-content/uploads/2022/08/20220714_Brennt_Feld_3-768x768.jpg 768w, https://www.feuerwehr-erwitte.de/wp-content/uploads/2022/08/20220714_Brennt_Feld_3-1536x1536.jpg 1536w" sizes="(max-width: 2048px) 100vw, 2048px" /></figure>
</figure>
