{"id":3816,"date":"2022-07-20T11:21:00","date_gmt":"2022-07-20T09:21:00","guid":{"rendered":"https:\/\/www.feuerwehr-erwitte.de\/?post_type=einsatz&#038;p=3816"},"modified":"2022-08-17T15:52:02","modified_gmt":"2022-08-17T13:52:02","slug":"flaechenbrand-auf-feld","status":"publish","type":"einsatz","link":"https:\/\/www.feuerwehr-erwitte.de\/index.php\/einsatzberichte\/flaechenbrand-auf-feld\/","title":{"rendered":"Fl\u00e4chenbrand auf Feld"},"content":{"rendered":"\n<p>Die Freiwillige Feuerwehr Erwitte wurde gestern zuerst mit dem 2. Verband, dem 1. Zug und der Atemschutznotfallstaffel des 1. Verbandes alarmiert. Anschlie\u00dfend erfolgte eine Nachalarmierung des 2. Zuges, ebenfalls mit dem Stichwort \u201eBrand &#8211; 100qm Fl\u00e4chenbrand\u201c in Schallern, dieser war bereits auf Sicht anfahrbar. Durch die weiteren Einheiten und deren wasserf\u00fchrenden Fahrzeuge konnte die Wasserversorgung sichergestellt werden, da weite Wegstrecken vorlagen.<\/p>\n\n\n\n<p>Nachdem auf einem Feld die Arbeiten mit einem M\u00e4hdrescher abgeschlossen waren, fing die Fl\u00e4che Feuer. Durch Wind verteilten sich Glutnester, wodurch sich der Brand auf eine Fl\u00e4che von rund 10.000qm ausbreitete.<\/p>\n\n\n\n<p>Die Feuerwehr l\u00f6schte das Feld, ging mit Feuerpatschen vor und stellte eine Wasserversorgung zur Einsatzstelle sicher. Zus\u00e4tzlich halfen \u00f6rtliche Landwirte mit Treckern und Gespannen dabei, Schneisen in das Feld zu ziehen, um eine weitere Ausbreitung zu verhindern.<\/p>\n\n\n\n<p>Nach gut dreieinhalb Stunden konnte der Einsatz beendet werden.<\/p>\n\n\n\n<figure class=\"wp-block-gallery has-nested-images columns-2 is-cropped wp-block-gallery-1 is-layout-flex wp-block-gallery-is-layout-flex\">\n<figure class=\"wp-block-image size-full\"><img fetchpriority=\"high\" decoding=\"async\" width=\"2048\" height=\"2048\" data-id=\"3986\" src=\"https:\/\/www.feuerwehr-erwitte.de\/wp-content\/uploads\/2022\/08\/20220720_Flaechenbrand_1.jpg\" alt=\"\" class=\"wp-image-3986\" srcset=\"https:\/\/www.feuerwehr-erwitte.de\/wp-content\/uploads\/2022\/08\/20220720_Flaechenbrand_1.jpg 2048w, https:\/\/www.feuerwehr-erwitte.de\/wp-content\/uploads\/2022\/08\/20220720_Flaechenbrand_1-150x150.jpg 150w, https:\/\/www.feuerwehr-erwitte.de\/wp-content\/uploads\/2022\/08\/20220720_Flaechenbrand_1-300x300.jpg 300w, https:\/\/www.feuerwehr-erwitte.de\/wp-content\/uploads\/2022\/08\/20220720_Flaechenbrand_1-100x100.jpg 100w, https:\/\/www.feuerwehr-erwitte.de\/wp-content\/uploads\/2022\/08\/20220720_Flaechenbrand_1-768x768.jpg 768w, https:\/\/www.feuerwehr-erwitte.de\/wp-content\/uploads\/2022\/08\/20220720_Flaechenbrand_1-1536x1536.jpg 1536w\" sizes=\"(max-width: 2048px) 100vw, 2048px\" \/><\/figure>\n\n\n\n<figure class=\"wp-block-image size-full\"><img decoding=\"async\" width=\"2048\" height=\"2048\" data-id=\"3988\" src=\"https:\/\/www.feuerwehr-erwitte.de\/wp-content\/uploads\/2022\/08\/20220720_Flaechenbrand_2.jpg\" alt=\"\" class=\"wp-image-3988\" srcset=\"https:\/\/www.feuerwehr-erwitte.de\/wp-content\/uploads\/2022\/08\/20220720_Flaechenbrand_2.jpg 2048w, https:\/\/www.feuerwehr-erwitte.de\/wp-content\/uploads\/2022\/08\/20220720_Flaechenbrand_2-150x150.jpg 150w, https:\/\/www.feuerwehr-erwitte.de\/wp-content\/uploads\/2022\/08\/20220720_Flaechenbrand_2-300x300.jpg 300w, https:\/\/www.feuerwehr-erwitte.de\/wp-content\/uploads\/2022\/08\/20220720_Flaechenbrand_2-100x100.jpg 100w, https:\/\/www.feuerwehr-erwitte.de\/wp-content\/uploads\/2022\/08\/20220720_Flaechenbrand_2-768x768.jpg 768w, https:\/\/www.feuerwehr-erwitte.de\/wp-content\/uploads\/2022\/08\/20220720_Flaechenbrand_2-1536x1536.jpg 1536w\" sizes=\"(max-width: 2048px) 100vw, 2048px\" \/><\/figure>\n\n\n\n<figure class=\"wp-block-image size-full\"><img decoding=\"async\" width=\"2048\" height=\"2048\" data-id=\"3985\" src=\"https:\/\/www.feuerwehr-erwitte.de\/wp-content\/uploads\/2022\/08\/20220720_Flaechenbrand_3.jpg\" alt=\"\" class=\"wp-image-3985\" srcset=\"https:\/\/www.feuerwehr-erwitte.de\/wp-content\/uploads\/2022\/08\/20220720_Flaechenbrand_3.jpg 2048w, https:\/\/www.feuerwehr-erwitte.de\/wp-content\/uploads\/2022\/08\/20220720_Flaechenbrand_3-150x150.jpg 150w, https:\/\/www.feuerwehr-erwitte.de\/wp-content\/uploads\/2022\/08\/20220720_Flaechenbrand_3-300x300.jpg 300w, https:\/\/www.feuerwehr-erwitte.de\/wp-content\/uploads\/2022\/08\/20220720_Flaechenbrand_3-100x100.jpg 100w, https:\/\/www.feuerwehr-erwitte.de\/wp-content\/uploads\/2022\/08\/20220720_Flaechenbrand_3-768x768.jpg 768w, https:\/\/www.feuerwehr-erwitte.de\/wp-content\/uploads\/2022\/08\/20220720_Flaechenbrand_3-1536x1536.jpg 1536w\" sizes=\"(max-width: 2048px) 100vw, 2048px\" \/><\/figure>\n\n\n\n<figure class=\"wp-block-image size-full\"><img loading=\"lazy\" decoding=\"async\" width=\"2048\" height=\"2048\" data-id=\"3987\" src=\"https:\/\/www.feuerwehr-erwitte.de\/wp-content\/uploads\/2022\/08\/20220720_Flaechenbrand_4.jpg\" alt=\"\" class=\"wp-image-3987\" srcset=\"https:\/\/www.feuerwehr-erwitte.de\/wp-content\/uploads\/2022\/08\/20220720_Flaechenbrand_4.jpg 2048w, https:\/\/www.feuerwehr-erwitte.de\/wp-content\/uploads\/2022\/08\/20220720_Flaechenbrand_4-150x150.jpg 150w, https:\/\/www.feuerwehr-erwitte.de\/wp-content\/uploads\/2022\/08\/20220720_Flaechenbrand_4-300x300.jpg 300w, https:\/\/www.feuerwehr-erwitte.de\/wp-content\/uploads\/2022\/08\/20220720_Flaechenbrand_4-100x100.jpg 100w, https:\/\/www.feuerwehr-erwitte.de\/wp-content\/uploads\/2022\/08\/20220720_Flaechenbrand_4-768x768.jpg 768w, https:\/\/www.feuerwehr-erwitte.de\/wp-content\/uploads\/2022\/08\/20220720_Flaechenbrand_4-1536x1536.jpg 1536w\" sizes=\"(max-width: 2048px) 100vw, 2048px\" \/><\/figure>\n<\/figure>\n","protected":false},"author":5,"featured_media":0,"template":"","meta":{"ocean_post_layout":"","ocean_both_sidebars_style":"","ocean_both_sidebars_content_width":0,"ocean_both_sidebars_sidebars_width":0,"ocean_sidebar":"","ocean_second_sidebar":"","ocean_disable_margins":"enable","ocean_add_body_class":"","ocean_shortcode_before_top_bar":"","ocean_shortcode_after_top_bar":"","ocean_shortcode_before_header":"","ocean_shortcode_after_header":"","ocean_has_shortcode":"","ocean_shortcode_after_title":"","ocean_shortcode_before_footer_widgets":"","ocean_shortcode_after_footer_widgets":"","ocean_shortcode_before_footer_bottom":"","ocean_shortcode_after_footer_bottom":"","ocean_display_top_bar":"default","ocean_display_header":"default","ocean_header_style":"","ocean_center_header_left_menu":"","ocean_custom_header_template":"","ocean_custom_logo":0,"ocean_custom_retina_logo":0,"ocean_custom_logo_max_width":0,"ocean_custom_logo_tablet_max_width":0,"ocean_custom_logo_mobile_max_width":0,"ocean_custom_logo_max_height":0,"ocean_custom_logo_tablet_max_height":0,"ocean_custom_logo_mobile_max_height":0,"ocean_header_custom_menu":"","ocean_menu_typo_font_family":"","ocean_menu_typo_font_subset":"","ocean_menu_typo_font_size":0,"ocean_menu_typo_font_size_tablet":0,"ocean_menu_typo_font_size_mobile":0,"ocean_menu_typo_font_size_unit":"px","ocean_menu_typo_font_weight":"","ocean_menu_typo_font_weight_tablet":"","ocean_menu_typo_font_weight_mobile":"","ocean_menu_typo_transform":"","ocean_menu_typo_transform_tablet":"","ocean_menu_typo_transform_mobile":"","ocean_menu_typo_line_height":0,"ocean_menu_typo_line_height_tablet":0,"ocean_menu_typo_line_height_mobile":0,"ocean_menu_typo_line_height_unit":"","ocean_menu_typo_spacing":0,"ocean_menu_typo_spacing_tablet":0,"ocean_menu_typo_spacing_mobile":0,"ocean_menu_typo_spacing_unit":"","ocean_menu_link_color":"","ocean_menu_link_color_hover":"","ocean_menu_link_color_active":"","ocean_menu_link_background":"","ocean_menu_link_hover_background":"","ocean_menu_link_active_background":"","ocean_menu_social_links_bg":"","ocean_menu_social_hover_links_bg":"","ocean_menu_social_links_color":"","ocean_menu_social_hover_links_color":"","ocean_disable_title":"default","ocean_disable_heading":"default","ocean_post_title":"","ocean_post_subheading":"","ocean_post_title_style":"","ocean_post_title_background_color":"","ocean_post_title_background":0,"ocean_post_title_bg_image_position":"","ocean_post_title_bg_image_attachment":"","ocean_post_title_bg_image_repeat":"","ocean_post_title_bg_image_size":"","ocean_post_title_height":0,"ocean_post_title_bg_overlay":0.5,"ocean_post_title_bg_overlay_color":"","ocean_disable_breadcrumbs":"default","ocean_breadcrumbs_color":"","ocean_breadcrumbs_separator_color":"","ocean_breadcrumbs_links_color":"","ocean_breadcrumbs_links_hover_color":"","ocean_display_footer_widgets":"default","ocean_display_footer_bottom":"default","ocean_custom_footer_template":"","einsatz_weight":1,"footnotes":""},"categories":[5],"einsatzart":[27],"fahrzeug":[],"exteinsatzmittel":[],"alarmierungsart":[17],"evw_unit":[101,93,91,90,95,94,97,92],"class_list":["post-3816","einsatz","type-einsatz","status-publish","hentry","category-einsatzmeldung","einsatzart-brand","alarmierungsart-melder","evw_unit-atemschutznotfallstaffel","evw_unit-lg-boeckum-norddorf","evw_unit-lg-schallern","evw_unit-lg-schmerlecke","evw_unit-lg-stirpe","evw_unit-lg-voellinghausen","evw_unit-lz-erwitte","evw_unit-lz-horn-millinghausen","entry"],"_links":{"self":[{"href":"https:\/\/www.feuerwehr-erwitte.de\/index.php\/wp-json\/wp\/v2\/einsatz\/3816","targetHints":{"allow":["GET"]}}],"collection":[{"href":"https:\/\/www.feuerwehr-erwitte.de\/index.php\/wp-json\/wp\/v2\/einsatz"}],"about":[{"href":"https:\/\/www.feuerwehr-erwitte.de\/index.php\/wp-json\/wp\/v2\/types\/einsatz"}],"author":[{"embeddable":true,"href":"https:\/\/www.feuerwehr-erwitte.de\/index.php\/wp-json\/wp\/v2\/users\/5"}],"version-history":[{"count":2,"href":"https:\/\/www.feuerwehr-erwitte.de\/index.php\/wp-json\/wp\/v2\/einsatz\/3816\/revisions"}],"predecessor-version":[{"id":3989,"href":"https:\/\/www.feuerwehr-erwitte.de\/index.php\/wp-json\/wp\/v2\/einsatz\/3816\/revisions\/3989"}],"wp:attachment":[{"href":"https:\/\/www.feuerwehr-erwitte.de\/index.php\/wp-json\/wp\/v2\/media?parent=3816"}],"wp:term":[{"taxonomy":"category","embeddable":true,"href":"https:\/\/www.feuerwehr-erwitte.de\/index.php\/wp-json\/wp\/v2\/categories?post=3816"},{"taxonomy":"einsatzart","embeddable":true,"href":"https:\/\/www.feuerwehr-erwitte.de\/index.php\/wp-json\/wp\/v2\/einsatzart?post=3816"},{"taxonomy":"fahrzeug","embeddable":true,"href":"https:\/\/www.feuerwehr-erwitte.de\/index.php\/wp-json\/wp\/v2\/fahrzeug?post=3816"},{"taxonomy":"exteinsatzmittel","embeddable":true,"href":"https:\/\/www.feuerwehr-erwitte.de\/index.php\/wp-json\/wp\/v2\/exteinsatzmittel?post=3816"},{"taxonomy":"alarmierungsart","embeddable":true,"href":"https:\/\/www.feuerwehr-erwitte.de\/index.php\/wp-json\/wp\/v2\/alarmierungsart?post=3816"},{"taxonomy":"evw_unit","embeddable":true,"href":"https:\/\/www.feuerwehr-erwitte.de\/index.php\/wp-json\/wp\/v2\/evw_unit?post=3816"}],"curies":[{"name":"wp","href":"https:\/\/api.w.org\/{rel}","templated":true}]}}

Flächenbrand auf Feld

<p>Die Freiwillige Feuerwehr Erwitte wurde gestern zuerst mit dem 2. Verband, dem 1. Zug und der Atemschutznotfallstaffel des 1. Verbandes alarmiert. Anschließend erfolgte eine Nachalarmierung des 2. Zuges, ebenfalls mit dem Stichwort „Brand &#8211; 100qm Flächenbrand“ in Schallern, dieser war bereits auf Sicht anfahrbar. Durch die weiteren Einheiten und deren wasserführenden Fahrzeuge konnte die Wasserversorgung sichergestellt werden, da weite Wegstrecken vorlagen.</p>



<p>Nachdem auf einem Feld die Arbeiten mit einem Mähdrescher abgeschlossen waren, fing die Fläche Feuer. Durch Wind verteilten sich Glutnester, wodurch sich der Brand auf eine Fläche von rund 10.000qm ausbreitete.</p>



<p>Die Feuerwehr löschte das Feld, ging mit Feuerpatschen vor und stellte eine Wasserversorgung zur Einsatzstelle sicher. Zusätzlich halfen örtliche Landwirte mit Treckern und Gespannen dabei, Schneisen in das Feld zu ziehen, um eine weitere Ausbreitung zu verhindern.</p>



<p>Nach gut dreieinhalb Stunden konnte der Einsatz beendet werden.</p>



<figure class="wp-block-gallery has-nested-images columns-2 is-cropped wp-block-gallery-1 is-layout-flex wp-block-gallery-is-layout-flex">
<figure class="wp-block-image size-full"><img fetchpriority="high" decoding="async" width="2048" height="2048" data-id="3986" src="https://www.feuerwehr-erwitte.de/wp-content/uploads/2022/08/20220720_Flaechenbrand_1.jpg" alt="" class="wp-image-3986" srcset="https://www.feuerwehr-erwitte.de/wp-content/uploads/2022/08/20220720_Flaechenbrand_1.jpg 2048w, https://www.feuerwehr-erwitte.de/wp-content/uploads/2022/08/20220720_Flaechenbrand_1-150x150.jpg 150w, https://www.feuerwehr-erwitte.de/wp-content/uploads/2022/08/20220720_Flaechenbrand_1-300x300.jpg 300w, https://www.feuerwehr-erwitte.de/wp-content/uploads/2022/08/20220720_Flaechenbrand_1-100x100.jpg 100w, https://www.feuerwehr-erwitte.de/wp-content/uploads/2022/08/20220720_Flaechenbrand_1-768x768.jpg 768w, https://www.feuerwehr-erwitte.de/wp-content/uploads/2022/08/20220720_Flaechenbrand_1-1536x1536.jpg 1536w" sizes="(max-width: 2048px) 100vw, 2048px" /></figure>



<figure class="wp-block-image size-full"><img decoding="async" width="2048" height="2048" data-id="3988" src="https://www.feuerwehr-erwitte.de/wp-content/uploads/2022/08/20220720_Flaechenbrand_2.jpg" alt="" class="wp-image-3988" srcset="https://www.feuerwehr-erwitte.de/wp-content/uploads/2022/08/20220720_Flaechenbrand_2.jpg 2048w, https://www.feuerwehr-erwitte.de/wp-content/uploads/2022/08/20220720_Flaechenbrand_2-150x150.jpg 150w, https://www.feuerwehr-erwitte.de/wp-content/uploads/2022/08/20220720_Flaechenbrand_2-300x300.jpg 300w, https://www.feuerwehr-erwitte.de/wp-content/uploads/2022/08/20220720_Flaechenbrand_2-100x100.jpg 100w, https://www.feuerwehr-erwitte.de/wp-content/uploads/2022/08/20220720_Flaechenbrand_2-768x768.jpg 768w, https://www.feuerwehr-erwitte.de/wp-content/uploads/2022/08/20220720_Flaechenbrand_2-1536x1536.jpg 1536w" sizes="(max-width: 2048px) 100vw, 2048px" /></figure>



<figure class="wp-block-image size-full"><img decoding="async" width="2048" height="2048" data-id="3985" src="https://www.feuerwehr-erwitte.de/wp-content/uploads/2022/08/20220720_Flaechenbrand_3.jpg" alt="" class="wp-image-3985" srcset="https://www.feuerwehr-erwitte.de/wp-content/uploads/2022/08/20220720_Flaechenbrand_3.jpg 2048w, https://www.feuerwehr-erwitte.de/wp-content/uploads/2022/08/20220720_Flaechenbrand_3-150x150.jpg 150w, https://www.feuerwehr-erwitte.de/wp-content/uploads/2022/08/20220720_Flaechenbrand_3-300x300.jpg 300w, https://www.feuerwehr-erwitte.de/wp-content/uploads/2022/08/20220720_Flaechenbrand_3-100x100.jpg 100w, https://www.feuerwehr-erwitte.de/wp-content/uploads/2022/08/20220720_Flaechenbrand_3-768x768.jpg 768w, https://www.feuerwehr-erwitte.de/wp-content/uploads/2022/08/20220720_Flaechenbrand_3-1536x1536.jpg 1536w" sizes="(max-width: 2048px) 100vw, 2048px" /></figure>



<figure class="wp-block-image size-full"><img loading="lazy" decoding="async" width="2048" height="2048" data-id="3987" src="https://www.feuerwehr-erwitte.de/wp-content/uploads/2022/08/20220720_Flaechenbrand_4.jpg" alt="" class="wp-image-3987" srcset="https://www.feuerwehr-erwitte.de/wp-content/uploads/2022/08/20220720_Flaechenbrand_4.jpg 2048w, https://www.feuerwehr-erwitte.de/wp-content/uploads/2022/08/20220720_Flaechenbrand_4-150x150.jpg 150w, https://www.feuerwehr-erwitte.de/wp-content/uploads/2022/08/20220720_Flaechenbrand_4-300x300.jpg 300w, https://www.feuerwehr-erwitte.de/wp-content/uploads/2022/08/20220720_Flaechenbrand_4-100x100.jpg 100w, https://www.feuerwehr-erwitte.de/wp-content/uploads/2022/08/20220720_Flaechenbrand_4-768x768.jpg 768w, https://www.feuerwehr-erwitte.de/wp-content/uploads/2022/08/20220720_Flaechenbrand_4-1536x1536.jpg 1536w" sizes="(max-width: 2048px) 100vw, 2048px" /></figure>
</figure>
