{"id":5691,"date":"2024-12-28T20:43:00","date_gmt":"2024-12-28T19:43:00","guid":{"rendered":"https:\/\/www.feuerwehr-erwitte.de\/?post_type=einsatz&#038;p=5691"},"modified":"2025-01-07T08:20:23","modified_gmt":"2025-01-07T07:20:23","slug":"unterstuetzung-wlf-bei-brand-am-supermarkt","status":"publish","type":"einsatz","link":"https:\/\/www.feuerwehr-erwitte.de\/index.php\/einsatzberichte\/unterstuetzung-wlf-bei-brand-am-supermarkt\/","title":{"rendered":"Unterst\u00fctzung WLF bei Brand am Supermarkt"},"content":{"rendered":"\n<p>Am Samstagabend, den 28.12., wurden der L\u00f6schzug Anr\u00f6chte und die L\u00f6schgruppe Mellrich um 20:43 Uhr von der Leitstelle des Kreises <a><\/a>Soest zu einem Supermarkt an der Berger Stra\u00dfe alarmiert. Ein Mitarbeiter hatte zuvor eine Rauchentwicklung an einem M\u00fcllcontainer und einer angrenzenden M\u00fcllpresse bemerkt.<\/p>\n\n\n\n<p>Beim Eintreffen der Einsatzkr\u00e4fte wurde der Supermarkt ger\u00e4umt, um die Sicherheit aller Personen zu gew\u00e4hrleisten. Zwei Trupps unter Atemschutz l\u00f6schten das Feuer im M\u00fcllcontainer und der Presse z\u00fcgig ab. Um sicherzugehen, dass sich keine weiteren Brandherde am Geb\u00e4ude befinden, kontrollierten wir das Lager des Supermarktes mit einer W\u00e4rmebildkamera.<\/p>\n\n\n\n<p>Da anfangs die Gefahr bestand, dass sich der Brand auf das Dach des Geb\u00e4udes ausbreitet, wurde die L\u00f6schgruppe Berge nachalarmiert. Weiterhin forderten wir das Wechselladerfahrzeug der Feuerwehr Stadt Erwitte an, um den brennenden Container aus der Gefahrenzone zu bringen. Der Container wurde auf den Kundenparkplatz gezogen und dort teilweise entleert, um auch die letzten Glutnester vollst\u00e4ndig abl\u00f6schen zu k\u00f6nnen.<\/p>\n\n\n\n<p>Dank des schnellen Handelns konnte eine Ausbreitung des Feuers verhindert und gr\u00f6\u00dferer Schaden vermieden werden. Insgesamt waren 55 Einsatzkr\u00e4fte mit zehn Fahrzeugen rund 2,5 Stunden im Einsatz.<\/p>\n\n\n\n<p><strong>Bild + Text:<\/strong> Freiwillige Feuerwehr Anr\u00f6chte<\/p>\n\n\n\n<figure class=\"wp-block-image size-full\"><img fetchpriority=\"high\" decoding=\"async\" width=\"1440\" height=\"810\" src=\"https:\/\/www.feuerwehr-erwitte.de\/wp-content\/uploads\/2025\/01\/472130294_992602912901465_6380927110214923008_n.jpg\" alt=\"\" class=\"wp-image-5692\" srcset=\"https:\/\/www.feuerwehr-erwitte.de\/wp-content\/uploads\/2025\/01\/472130294_992602912901465_6380927110214923008_n.jpg 1440w, https:\/\/www.feuerwehr-erwitte.de\/wp-content\/uploads\/2025\/01\/472130294_992602912901465_6380927110214923008_n-150x84.jpg 150w, https:\/\/www.feuerwehr-erwitte.de\/wp-content\/uploads\/2025\/01\/472130294_992602912901465_6380927110214923008_n-300x169.jpg 300w, https:\/\/www.feuerwehr-erwitte.de\/wp-content\/uploads\/2025\/01\/472130294_992602912901465_6380927110214923008_n-768x432.jpg 768w, https:\/\/www.feuerwehr-erwitte.de\/wp-content\/uploads\/2025\/01\/472130294_992602912901465_6380927110214923008_n-800x450.jpg 800w\" sizes=\"(max-width: 1440px) 100vw, 1440px\" \/><\/figure>\n","protected":false},"author":5,"featured_media":0,"template":"","meta":{"ocean_post_layout":"","ocean_both_sidebars_style":"","ocean_both_sidebars_content_width":0,"ocean_both_sidebars_sidebars_width":0,"ocean_sidebar":"","ocean_second_sidebar":"","ocean_disable_margins":"enable","ocean_add_body_class":"","ocean_shortcode_before_top_bar":"","ocean_shortcode_after_top_bar":"","ocean_shortcode_before_header":"","ocean_shortcode_after_header":"","ocean_has_shortcode":"","ocean_shortcode_after_title":"","ocean_shortcode_before_footer_widgets":"","ocean_shortcode_after_footer_widgets":"","ocean_shortcode_before_footer_bottom":"","ocean_shortcode_after_footer_bottom":"","ocean_display_top_bar":"default","ocean_display_header":"default","ocean_header_style":"","ocean_center_header_left_menu":"","ocean_custom_header_template":"","ocean_custom_logo":0,"ocean_custom_retina_logo":0,"ocean_custom_logo_max_width":0,"ocean_custom_logo_tablet_max_width":0,"ocean_custom_logo_mobile_max_width":0,"ocean_custom_logo_max_height":0,"ocean_custom_logo_tablet_max_height":0,"ocean_custom_logo_mobile_max_height":0,"ocean_header_custom_menu":"","ocean_menu_typo_font_family":"","ocean_menu_typo_font_subset":"","ocean_menu_typo_font_size":0,"ocean_menu_typo_font_size_tablet":0,"ocean_menu_typo_font_size_mobile":0,"ocean_menu_typo_font_size_unit":"px","ocean_menu_typo_font_weight":"","ocean_menu_typo_font_weight_tablet":"","ocean_menu_typo_font_weight_mobile":"","ocean_menu_typo_transform":"","ocean_menu_typo_transform_tablet":"","ocean_menu_typo_transform_mobile":"","ocean_menu_typo_line_height":0,"ocean_menu_typo_line_height_tablet":0,"ocean_menu_typo_line_height_mobile":0,"ocean_menu_typo_line_height_unit":"","ocean_menu_typo_spacing":0,"ocean_menu_typo_spacing_tablet":0,"ocean_menu_typo_spacing_mobile":0,"ocean_menu_typo_spacing_unit":"","ocean_menu_link_color":"","ocean_menu_link_color_hover":"","ocean_menu_link_color_active":"","ocean_menu_link_background":"","ocean_menu_link_hover_background":"","ocean_menu_link_active_background":"","ocean_menu_social_links_bg":"","ocean_menu_social_hover_links_bg":"","ocean_menu_social_links_color":"","ocean_menu_social_hover_links_color":"","ocean_disable_title":"default","ocean_disable_heading":"default","ocean_post_title":"","ocean_post_subheading":"","ocean_post_title_style":"","ocean_post_title_background_color":"","ocean_post_title_background":0,"ocean_post_title_bg_image_position":"","ocean_post_title_bg_image_attachment":"","ocean_post_title_bg_image_repeat":"","ocean_post_title_bg_image_size":"","ocean_post_title_height":0,"ocean_post_title_bg_overlay":0.5,"ocean_post_title_bg_overlay_color":"","ocean_disable_breadcrumbs":"default","ocean_breadcrumbs_color":"","ocean_breadcrumbs_separator_color":"","ocean_breadcrumbs_links_color":"","ocean_breadcrumbs_links_hover_color":"","ocean_display_footer_widgets":"default","ocean_display_footer_bottom":"default","ocean_custom_footer_template":"","einsatz_weight":1,"footnotes":""},"categories":[5],"einsatzart":[27],"fahrzeug":[],"exteinsatzmittel":[122],"alarmierungsart":[18],"evw_unit":[125],"class_list":["post-5691","einsatz","type-einsatz","status-publish","hentry","category-einsatzmeldung","einsatzart-brand","exteinsatzmittel-feuerwehr-anroechte","alarmierungsart-telefon","evw_unit-wlf","entry"],"_links":{"self":[{"href":"https:\/\/www.feuerwehr-erwitte.de\/index.php\/wp-json\/wp\/v2\/einsatz\/5691","targetHints":{"allow":["GET"]}}],"collection":[{"href":"https:\/\/www.feuerwehr-erwitte.de\/index.php\/wp-json\/wp\/v2\/einsatz"}],"about":[{"href":"https:\/\/www.feuerwehr-erwitte.de\/index.php\/wp-json\/wp\/v2\/types\/einsatz"}],"author":[{"embeddable":true,"href":"https:\/\/www.feuerwehr-erwitte.de\/index.php\/wp-json\/wp\/v2\/users\/5"}],"version-history":[{"count":1,"href":"https:\/\/www.feuerwehr-erwitte.de\/index.php\/wp-json\/wp\/v2\/einsatz\/5691\/revisions"}],"predecessor-version":[{"id":5693,"href":"https:\/\/www.feuerwehr-erwitte.de\/index.php\/wp-json\/wp\/v2\/einsatz\/5691\/revisions\/5693"}],"wp:attachment":[{"href":"https:\/\/www.feuerwehr-erwitte.de\/index.php\/wp-json\/wp\/v2\/media?parent=5691"}],"wp:term":[{"taxonomy":"category","embeddable":true,"href":"https:\/\/www.feuerwehr-erwitte.de\/index.php\/wp-json\/wp\/v2\/categories?post=5691"},{"taxonomy":"einsatzart","embeddable":true,"href":"https:\/\/www.feuerwehr-erwitte.de\/index.php\/wp-json\/wp\/v2\/einsatzart?post=5691"},{"taxonomy":"fahrzeug","embeddable":true,"href":"https:\/\/www.feuerwehr-erwitte.de\/index.php\/wp-json\/wp\/v2\/fahrzeug?post=5691"},{"taxonomy":"exteinsatzmittel","embeddable":true,"href":"https:\/\/www.feuerwehr-erwitte.de\/index.php\/wp-json\/wp\/v2\/exteinsatzmittel?post=5691"},{"taxonomy":"alarmierungsart","embeddable":true,"href":"https:\/\/www.feuerwehr-erwitte.de\/index.php\/wp-json\/wp\/v2\/alarmierungsart?post=5691"},{"taxonomy":"evw_unit","embeddable":true,"href":"https:\/\/www.feuerwehr-erwitte.de\/index.php\/wp-json\/wp\/v2\/evw_unit?post=5691"}],"curies":[{"name":"wp","href":"https:\/\/api.w.org\/{rel}","templated":true}]}}

Unterstützung WLF bei Brand am Supermarkt

<p>Am Samstagabend, den 28.12., wurden der Löschzug Anröchte und die Löschgruppe Mellrich um 20:43 Uhr von der Leitstelle des Kreises <a></a>Soest zu einem Supermarkt an der Berger Straße alarmiert. Ein Mitarbeiter hatte zuvor eine Rauchentwicklung an einem Müllcontainer und einer angrenzenden Müllpresse bemerkt.</p>



<p>Beim Eintreffen der Einsatzkräfte wurde der Supermarkt geräumt, um die Sicherheit aller Personen zu gewährleisten. Zwei Trupps unter Atemschutz löschten das Feuer im Müllcontainer und der Presse zügig ab. Um sicherzugehen, dass sich keine weiteren Brandherde am Gebäude befinden, kontrollierten wir das Lager des Supermarktes mit einer Wärmebildkamera.</p>



<p>Da anfangs die Gefahr bestand, dass sich der Brand auf das Dach des Gebäudes ausbreitet, wurde die Löschgruppe Berge nachalarmiert. Weiterhin forderten wir das Wechselladerfahrzeug der Feuerwehr Stadt Erwitte an, um den brennenden Container aus der Gefahrenzone zu bringen. Der Container wurde auf den Kundenparkplatz gezogen und dort teilweise entleert, um auch die letzten Glutnester vollständig ablöschen zu können.</p>



<p>Dank des schnellen Handelns konnte eine Ausbreitung des Feuers verhindert und größerer Schaden vermieden werden. Insgesamt waren 55 Einsatzkräfte mit zehn Fahrzeugen rund 2,5 Stunden im Einsatz.</p>



<p><strong>Bild + Text:</strong> Freiwillige Feuerwehr Anröchte</p>



<figure class="wp-block-image size-full"><img fetchpriority="high" decoding="async" width="1440" height="810" src="https://www.feuerwehr-erwitte.de/wp-content/uploads/2025/01/472130294_992602912901465_6380927110214923008_n.jpg" alt="" class="wp-image-5692" srcset="https://www.feuerwehr-erwitte.de/wp-content/uploads/2025/01/472130294_992602912901465_6380927110214923008_n.jpg 1440w, https://www.feuerwehr-erwitte.de/wp-content/uploads/2025/01/472130294_992602912901465_6380927110214923008_n-150x84.jpg 150w, https://www.feuerwehr-erwitte.de/wp-content/uploads/2025/01/472130294_992602912901465_6380927110214923008_n-300x169.jpg 300w, https://www.feuerwehr-erwitte.de/wp-content/uploads/2025/01/472130294_992602912901465_6380927110214923008_n-768x432.jpg 768w, https://www.feuerwehr-erwitte.de/wp-content/uploads/2025/01/472130294_992602912901465_6380927110214923008_n-800x450.jpg 800w" sizes="(max-width: 1440px) 100vw, 1440px" /></figure>
