{"id":6146,"date":"2026-01-30T17:46:00","date_gmt":"2026-01-30T16:46:00","guid":{"rendered":"https:\/\/www.feuerwehr-erwitte.de\/?post_type=einsatz&#038;p=6146"},"modified":"2026-03-04T10:24:37","modified_gmt":"2026-03-04T09:24:37","slug":"verkehrsunfall-2-pkw-4","status":"publish","type":"einsatz","link":"https:\/\/www.feuerwehr-erwitte.de\/index.php\/einsatzberichte\/verkehrsunfall-2-pkw-4\/","title":{"rendered":"Verkehrsunfall 2 PKW"},"content":{"rendered":"\n<p>Der Zug 5 ist am vergangenen Freitag zu einem Verkehrsunfall auf der Soester Stra\u00dfe alarmiert worden. An der Einsatzstelle eintreffend waren die anf\u00e4nglichen Aufgaben schnell klar: Einsatzstelle absperren und Patientenbetreuung durchf\u00fchren. Im weiteren Verlauf des Einsatzes musste dann die Einsatzstelle ausgeleuchtet, der Brandschutz sichergestellt und auslaufende Betriebsstoffe aufgenommen werden.<\/p>\n\n\n\n<p>Die Soester Stra\u00dfe musste im Zuge des Einsatzes im Bereich von Schmerlecke bis Lohne vollst\u00e4ndig gesperrt werden, da diverse Autofahrer trotz des Unfalls mit erh\u00f6hter Geschwindigkeit an der Einsatzstelle vorbei fuhren und somit das Leben der Patienten und Einsatzkr\u00e4fte unn\u00f6tig gef\u00e4hrdeten.<\/p>\n\n\n\n<p>Ein gro\u00dfes Dankesch\u00f6n an den Leiter der Feuerwehr Bad Sassendorf. Dieser war zuf\u00e4llig auf der Soester Stra\u00dfe unterwegs und konnte somit erste Ma\u00dfnahmen ergreifen, bis wir vor Ort waren.<\/p>\n\n\n\n<figure class=\"wp-block-image size-full\"><img fetchpriority=\"high\" decoding=\"async\" width=\"1600\" height=\"1600\" src=\"https:\/\/www.feuerwehr-erwitte.de\/wp-content\/uploads\/2026\/01\/626780292_1194619049548326_1722593196759944645_n.jpg\" alt=\"\" class=\"wp-image-6196\" srcset=\"https:\/\/www.feuerwehr-erwitte.de\/wp-content\/uploads\/2026\/01\/626780292_1194619049548326_1722593196759944645_n.jpg 1600w, https:\/\/www.feuerwehr-erwitte.de\/wp-content\/uploads\/2026\/01\/626780292_1194619049548326_1722593196759944645_n-150x150.jpg 150w, https:\/\/www.feuerwehr-erwitte.de\/wp-content\/uploads\/2026\/01\/626780292_1194619049548326_1722593196759944645_n-300x300.jpg 300w, https:\/\/www.feuerwehr-erwitte.de\/wp-content\/uploads\/2026\/01\/626780292_1194619049548326_1722593196759944645_n-100x100.jpg 100w, https:\/\/www.feuerwehr-erwitte.de\/wp-content\/uploads\/2026\/01\/626780292_1194619049548326_1722593196759944645_n-768x768.jpg 768w, https:\/\/www.feuerwehr-erwitte.de\/wp-content\/uploads\/2026\/01\/626780292_1194619049548326_1722593196759944645_n-1536x1536.jpg 1536w, https:\/\/www.feuerwehr-erwitte.de\/wp-content\/uploads\/2026\/01\/626780292_1194619049548326_1722593196759944645_n-600x600.jpg 600w\" sizes=\"(max-width: 1600px) 100vw, 1600px\" \/><\/figure>\n","protected":false},"author":5,"featured_media":0,"template":"","meta":{"ocean_post_layout":"","ocean_both_sidebars_style":"","ocean_both_sidebars_content_width":0,"ocean_both_sidebars_sidebars_width":0,"ocean_sidebar":"","ocean_second_sidebar":"","ocean_disable_margins":"enable","ocean_add_body_class":"","ocean_shortcode_before_top_bar":"","ocean_shortcode_after_top_bar":"","ocean_shortcode_before_header":"","ocean_shortcode_after_header":"","ocean_has_shortcode":"","ocean_shortcode_after_title":"","ocean_shortcode_before_footer_widgets":"","ocean_shortcode_after_footer_widgets":"","ocean_shortcode_before_footer_bottom":"","ocean_shortcode_after_footer_bottom":"","ocean_display_top_bar":"default","ocean_display_header":"default","ocean_header_style":"","ocean_center_header_left_menu":"","ocean_custom_header_template":"","ocean_custom_logo":0,"ocean_custom_retina_logo":0,"ocean_custom_logo_max_width":0,"ocean_custom_logo_tablet_max_width":0,"ocean_custom_logo_mobile_max_width":0,"ocean_custom_logo_max_height":0,"ocean_custom_logo_tablet_max_height":0,"ocean_custom_logo_mobile_max_height":0,"ocean_header_custom_menu":"","ocean_menu_typo_font_family":"","ocean_menu_typo_font_subset":"","ocean_menu_typo_font_size":0,"ocean_menu_typo_font_size_tablet":0,"ocean_menu_typo_font_size_mobile":0,"ocean_menu_typo_font_size_unit":"px","ocean_menu_typo_font_weight":"","ocean_menu_typo_font_weight_tablet":"","ocean_menu_typo_font_weight_mobile":"","ocean_menu_typo_transform":"","ocean_menu_typo_transform_tablet":"","ocean_menu_typo_transform_mobile":"","ocean_menu_typo_line_height":0,"ocean_menu_typo_line_height_tablet":0,"ocean_menu_typo_line_height_mobile":0,"ocean_menu_typo_line_height_unit":"","ocean_menu_typo_spacing":0,"ocean_menu_typo_spacing_tablet":0,"ocean_menu_typo_spacing_mobile":0,"ocean_menu_typo_spacing_unit":"","ocean_menu_link_color":"","ocean_menu_link_color_hover":"","ocean_menu_link_color_active":"","ocean_menu_link_background":"","ocean_menu_link_hover_background":"","ocean_menu_link_active_background":"","ocean_menu_social_links_bg":"","ocean_menu_social_hover_links_bg":"","ocean_menu_social_links_color":"","ocean_menu_social_hover_links_color":"","ocean_disable_title":"default","ocean_disable_heading":"default","ocean_post_title":"","ocean_post_subheading":"","ocean_post_title_style":"","ocean_post_title_background_color":"","ocean_post_title_background":0,"ocean_post_title_bg_image_position":"","ocean_post_title_bg_image_attachment":"","ocean_post_title_bg_image_repeat":"","ocean_post_title_bg_image_size":"","ocean_post_title_height":0,"ocean_post_title_bg_overlay":0.5,"ocean_post_title_bg_overlay_color":"","ocean_disable_breadcrumbs":"default","ocean_breadcrumbs_color":"","ocean_breadcrumbs_separator_color":"","ocean_breadcrumbs_links_color":"","ocean_breadcrumbs_links_hover_color":"","ocean_display_footer_widgets":"default","ocean_display_footer_bottom":"default","ocean_custom_footer_template":"","einsatz_weight":1,"footnotes":""},"categories":[5],"einsatzart":[31],"fahrzeug":[],"exteinsatzmittel":[25,26],"alarmierungsart":[17],"evw_unit":[93,91,90],"class_list":["post-6146","einsatz","type-einsatz","status-publish","hentry","category-einsatzmeldung","einsatzart-th","exteinsatzmittel-polizei","exteinsatzmittel-rettungsdienst","alarmierungsart-melder","evw_unit-lg-boeckum-norddorf","evw_unit-lg-schallern","evw_unit-lg-schmerlecke","entry"],"_links":{"self":[{"href":"https:\/\/www.feuerwehr-erwitte.de\/index.php\/wp-json\/wp\/v2\/einsatz\/6146","targetHints":{"allow":["GET"]}}],"collection":[{"href":"https:\/\/www.feuerwehr-erwitte.de\/index.php\/wp-json\/wp\/v2\/einsatz"}],"about":[{"href":"https:\/\/www.feuerwehr-erwitte.de\/index.php\/wp-json\/wp\/v2\/types\/einsatz"}],"author":[{"embeddable":true,"href":"https:\/\/www.feuerwehr-erwitte.de\/index.php\/wp-json\/wp\/v2\/users\/5"}],"version-history":[{"count":2,"href":"https:\/\/www.feuerwehr-erwitte.de\/index.php\/wp-json\/wp\/v2\/einsatz\/6146\/revisions"}],"predecessor-version":[{"id":6198,"href":"https:\/\/www.feuerwehr-erwitte.de\/index.php\/wp-json\/wp\/v2\/einsatz\/6146\/revisions\/6198"}],"wp:attachment":[{"href":"https:\/\/www.feuerwehr-erwitte.de\/index.php\/wp-json\/wp\/v2\/media?parent=6146"}],"wp:term":[{"taxonomy":"category","embeddable":true,"href":"https:\/\/www.feuerwehr-erwitte.de\/index.php\/wp-json\/wp\/v2\/categories?post=6146"},{"taxonomy":"einsatzart","embeddable":true,"href":"https:\/\/www.feuerwehr-erwitte.de\/index.php\/wp-json\/wp\/v2\/einsatzart?post=6146"},{"taxonomy":"fahrzeug","embeddable":true,"href":"https:\/\/www.feuerwehr-erwitte.de\/index.php\/wp-json\/wp\/v2\/fahrzeug?post=6146"},{"taxonomy":"exteinsatzmittel","embeddable":true,"href":"https:\/\/www.feuerwehr-erwitte.de\/index.php\/wp-json\/wp\/v2\/exteinsatzmittel?post=6146"},{"taxonomy":"alarmierungsart","embeddable":true,"href":"https:\/\/www.feuerwehr-erwitte.de\/index.php\/wp-json\/wp\/v2\/alarmierungsart?post=6146"},{"taxonomy":"evw_unit","embeddable":true,"href":"https:\/\/www.feuerwehr-erwitte.de\/index.php\/wp-json\/wp\/v2\/evw_unit?post=6146"}],"curies":[{"name":"wp","href":"https:\/\/api.w.org\/{rel}","templated":true}]}}

<p>Der Zug 5 ist am vergangenen Freitag zu einem Verkehrsunfall auf der Soester Straße alarmiert worden. An der Einsatzstelle eintreffend waren die anfänglichen Aufgaben schnell klar: Einsatzstelle absperren und Patientenbetreuung durchführen. Im weiteren Verlauf des Einsatzes musste dann die Einsatzstelle ausgeleuchtet, der Brandschutz sichergestellt und auslaufende Betriebsstoffe aufgenommen werden.</p>



<p>Die Soester Straße musste im Zuge des Einsatzes im Bereich von Schmerlecke bis Lohne vollständig gesperrt werden, da diverse Autofahrer trotz des Unfalls mit erhöhter Geschwindigkeit an der Einsatzstelle vorbei fuhren und somit das Leben der Patienten und Einsatzkräfte unnötig gefährdeten.</p>



<p>Ein großes Dankeschön an den Leiter der Feuerwehr Bad Sassendorf. Dieser war zufällig auf der Soester Straße unterwegs und konnte somit erste Maßnahmen ergreifen, bis wir vor Ort waren.</p>



<figure class="wp-block-image size-full"><img fetchpriority="high" decoding="async" width="1600" height="1600" src="https://www.feuerwehr-erwitte.de/wp-content/uploads/2026/01/626780292_1194619049548326_1722593196759944645_n.jpg" alt="" class="wp-image-6196" srcset="https://www.feuerwehr-erwitte.de/wp-content/uploads/2026/01/626780292_1194619049548326_1722593196759944645_n.jpg 1600w, https://www.feuerwehr-erwitte.de/wp-content/uploads/2026/01/626780292_1194619049548326_1722593196759944645_n-150x150.jpg 150w, https://www.feuerwehr-erwitte.de/wp-content/uploads/2026/01/626780292_1194619049548326_1722593196759944645_n-300x300.jpg 300w, https://www.feuerwehr-erwitte.de/wp-content/uploads/2026/01/626780292_1194619049548326_1722593196759944645_n-100x100.jpg 100w, https://www.feuerwehr-erwitte.de/wp-content/uploads/2026/01/626780292_1194619049548326_1722593196759944645_n-768x768.jpg 768w, https://www.feuerwehr-erwitte.de/wp-content/uploads/2026/01/626780292_1194619049548326_1722593196759944645_n-1536x1536.jpg 1536w, https://www.feuerwehr-erwitte.de/wp-content/uploads/2026/01/626780292_1194619049548326_1722593196759944645_n-600x600.jpg 600w" sizes="(max-width: 1600px) 100vw, 1600px" /></figure>
