{"id":6313,"date":"2026-05-29T19:53:00","date_gmt":"2026-05-29T18:53:00","guid":{"rendered":"https:\/\/www.feuerwehr-erwitte.de\/?post_type=einsatz&#038;p=6313"},"modified":"2026-08-21T10:59:56","modified_gmt":"2026-08-21T09:59:56","slug":"unwetter-4","status":"publish","type":"einsatz","link":"https:\/\/www.feuerwehr-erwitte.de\/index.php\/einsatzberichte\/unwetter-4\/","title":{"rendered":"Unwetter"},"content":{"rendered":"\n<p>Am Freitag Abend ist eine Unwetterfront \u00fcber den Kreis Soest hergezogen, die auch in Erwitte zu mehreren Eins\u00e4tzen f\u00fchrte.<\/p>\n\n\n\n<p>Gegen 20 Uhr wurden die Ger\u00e4teh\u00e4user im gesamten Stadtgebiet besetzt, um die Eins\u00e4tze z\u00fcgig zu erledigen.<\/p>\n\n\n\n<p>Am Freitag und Samstag wurden insgesamt 17 wetterbedingte Eins\u00e4tze abgearbeitet.<\/p>\n\n\n\n<p>Dabei handelte es sich unter anderem um umgest\u00fcrzte B\u00e4ume und herabgefallene \u00c4ste auf Stra\u00dfen und Gehwegen sowie um lose \u00c4ste, die abzust\u00fcrzen drohten und gesichert beziehungsweise entfernt werden mussten.<\/p>\n\n\n\n<p>Die Besetzung der Ger\u00e4teh\u00e4user konnte gegen 22:30 Uhr aufgel\u00f6st werden, da sich die Lage wieder entspannt hatte.<\/p>\n\n\n\n<p>Personen kamen bei den Eins\u00e4tzen nicht zu schaden.<\/p>\n\n\n\n<p><\/p>\n","protected":false},"author":8,"featured_media":0,"template":"","meta":{"ocean_front_end_style_editor":"no","ocean_post_layout":"","ocean_both_sidebars_style":"","ocean_both_sidebars_content_width":0,"ocean_both_sidebars_sidebars_width":0,"ocean_sidebar":"","ocean_second_sidebar":"","ocean_disable_margins":"enable","ocean_add_body_class":"","ocean_shortcode_before_top_bar":"","ocean_shortcode_after_top_bar":"","ocean_shortcode_before_header":"","ocean_shortcode_after_header":"","ocean_has_shortcode":"","ocean_shortcode_after_title":"","ocean_shortcode_before_footer_widgets":"","ocean_shortcode_after_footer_widgets":"","ocean_shortcode_before_footer_bottom":"","ocean_shortcode_after_footer_bottom":"","ocean_display_top_bar":"default","ocean_display_header":"default","ocean_header_style":"","ocean_center_header_left_menu":"","ocean_custom_header_template":"","ocean_custom_logo":0,"ocean_custom_retina_logo":0,"ocean_custom_logo_max_width":0,"ocean_custom_logo_tablet_max_width":0,"ocean_custom_logo_mobile_max_width":0,"ocean_custom_logo_max_height":0,"ocean_custom_logo_tablet_max_height":0,"ocean_custom_logo_mobile_max_height":0,"ocean_header_custom_menu":"","ocean_menu_typo_font_family":"","ocean_menu_typo_font_subset":"","ocean_menu_typo_font_size":0,"ocean_menu_typo_font_size_tablet":0,"ocean_menu_typo_font_size_mobile":0,"ocean_menu_typo_font_size_unit":"px","ocean_menu_typo_font_weight":"","ocean_menu_typo_font_weight_tablet":"","ocean_menu_typo_font_weight_mobile":"","ocean_menu_typo_transform":"","ocean_menu_typo_transform_tablet":"","ocean_menu_typo_transform_mobile":"","ocean_menu_typo_line_height":0,"ocean_menu_typo_line_height_tablet":0,"ocean_menu_typo_line_height_mobile":0,"ocean_menu_typo_line_height_unit":"","ocean_menu_typo_spacing":0,"ocean_menu_typo_spacing_tablet":0,"ocean_menu_typo_spacing_mobile":0,"ocean_menu_typo_spacing_unit":"","ocean_menu_link_color":"","ocean_menu_link_color_hover":"","ocean_menu_link_color_active":"","ocean_menu_link_background":"","ocean_menu_link_hover_background":"","ocean_menu_link_active_background":"","ocean_menu_social_links_bg":"","ocean_menu_social_hover_links_bg":"","ocean_menu_social_links_color":"","ocean_menu_social_hover_links_color":"","ocean_disable_title":"default","ocean_disable_heading":"default","ocean_post_title":"","ocean_post_subheading":"","ocean_post_title_style":"","ocean_post_title_background_color":"","ocean_post_title_background":0,"ocean_post_title_bg_image_position":"","ocean_post_title_bg_image_attachment":"","ocean_post_title_bg_image_repeat":"","ocean_post_title_bg_image_size":"","ocean_post_title_height":0,"ocean_post_title_bg_overlay":0.5,"ocean_post_title_bg_overlay_color":"","ocean_disable_breadcrumbs":"default","ocean_breadcrumbs_color":"","ocean_breadcrumbs_separator_color":"","ocean_breadcrumbs_links_color":"","ocean_breadcrumbs_links_hover_color":"","ocean_display_footer_widgets":"default","ocean_display_footer_bottom":"default","ocean_custom_footer_template":"","einsatz_weight":1,"footnotes":""},"categories":[5],"einsatzart":[73],"fahrzeug":[],"exteinsatzmittel":[],"alarmierungsart":[],"evw_unit":[151],"class_list":["post-6313","einsatz","type-einsatz","status-publish","hentry","category-einsatzmeldung","einsatzart-sonstiges","evw_unit-wehr","entry"],"_links":{"self":[{"href":"https:\/\/www.feuerwehr-erwitte.de\/index.php\/wp-json\/wp\/v2\/einsatz\/6313","targetHints":{"allow":["GET"]}}],"collection":[{"href":"https:\/\/www.feuerwehr-erwitte.de\/index.php\/wp-json\/wp\/v2\/einsatz"}],"about":[{"href":"https:\/\/www.feuerwehr-erwitte.de\/index.php\/wp-json\/wp\/v2\/types\/einsatz"}],"author":[{"embeddable":true,"href":"https:\/\/www.feuerwehr-erwitte.de\/index.php\/wp-json\/wp\/v2\/users\/8"}],"version-history":[{"count":2,"href":"https:\/\/www.feuerwehr-erwitte.de\/index.php\/wp-json\/wp\/v2\/einsatz\/6313\/revisions"}],"predecessor-version":[{"id":6689,"href":"https:\/\/www.feuerwehr-erwitte.de\/index.php\/wp-json\/wp\/v2\/einsatz\/6313\/revisions\/6689"}],"wp:attachment":[{"href":"https:\/\/www.feuerwehr-erwitte.de\/index.php\/wp-json\/wp\/v2\/media?parent=6313"}],"wp:term":[{"taxonomy":"category","embeddable":true,"href":"https:\/\/www.feuerwehr-erwitte.de\/index.php\/wp-json\/wp\/v2\/categories?post=6313"},{"taxonomy":"einsatzart","embeddable":true,"href":"https:\/\/www.feuerwehr-erwitte.de\/index.php\/wp-json\/wp\/v2\/einsatzart?post=6313"},{"taxonomy":"fahrzeug","embeddable":true,"href":"https:\/\/www.feuerwehr-erwitte.de\/index.php\/wp-json\/wp\/v2\/fahrzeug?post=6313"},{"taxonomy":"exteinsatzmittel","embeddable":true,"href":"https:\/\/www.feuerwehr-erwitte.de\/index.php\/wp-json\/wp\/v2\/exteinsatzmittel?post=6313"},{"taxonomy":"alarmierungsart","embeddable":true,"href":"https:\/\/www.feuerwehr-erwitte.de\/index.php\/wp-json\/wp\/v2\/alarmierungsart?post=6313"},{"taxonomy":"evw_unit","embeddable":true,"href":"https:\/\/www.feuerwehr-erwitte.de\/index.php\/wp-json\/wp\/v2\/evw_unit?post=6313"}],"curies":[{"name":"wp","href":"https:\/\/api.w.org\/{rel}","templated":true}]}}

<p>Am Freitag Abend ist eine Unwetterfront über den Kreis Soest hergezogen, die auch in Erwitte zu mehreren Einsätzen führte.</p>



<p>Gegen 20 Uhr wurden die Gerätehäuser im gesamten Stadtgebiet besetzt, um die Einsätze zügig zu erledigen.</p>



<p>Am Freitag und Samstag wurden insgesamt 17 wetterbedingte Einsätze abgearbeitet.</p>



<p>Dabei handelte es sich unter anderem um umgestürzte Bäume und herabgefallene Äste auf Straßen und Gehwegen sowie um lose Äste, die abzustürzen drohten und gesichert beziehungsweise entfernt werden mussten.</p>



<p>Die Besetzung der Gerätehäuser konnte gegen 22:30 Uhr aufgelöst werden, da sich die Lage wieder entspannt hatte.</p>



<p>Personen kamen bei den Einsätzen nicht zu schaden.</p>



<p></p>
