{"id":6702,"date":"2026-08-29T06:45:00","date_gmt":"2026-08-29T05:45:00","guid":{"rendered":"https:\/\/www.feuerwehr-erwitte.de\/?post_type=einsatz&#038;p=6702"},"modified":"2026-08-31T07:49:16","modified_gmt":"2026-08-31T06:49:16","slug":"verkehrsunfall-21","status":"publish","type":"einsatz","link":"https:\/\/www.feuerwehr-erwitte.de\/index.php\/einsatzberichte\/verkehrsunfall-21\/","title":{"rendered":"Verkehrsunfall"},"content":{"rendered":"\n<p>Der L\u00f6schzug Erwitte wurde mit dem Stichwort H2_Klemm ausgel\u00f6ster E-Call ohne Sprachkontakt zu einem Verkehrsunfall mit zwei Insassen H\u00f6he der Lohner Warte alarmiert. Aufgrund der Lage des Unfalls wurden die L\u00f6schgruppen Schallern und Schmerlecke nachalarmiert.<\/p>\n\n\n\n<p>Vor Ort wurde ein auf dem Dach liegender Pkw vorgefunden, der hinter einer Hecke an einem Baum auf dem Grundst\u00fcck eines angrenzenden Wohnhauses zum Liegen gekommen war. Auf dem angrenzenden Feld lagen bereits mehrere Fahrzeugteile.<\/p>\n\n\n\n<p>Ein Krankentransportwagen wurde zus\u00e4tzlich als First Responder zur Einsatzstelle alarmiert. Beide Patienten waren bei Eintreffen der Einsatzkr\u00e4fte ansprechbar, jedoch im Fahrzeug eingeschlossen. Schnell wurden zwei Rettungshubschrauber sowie ein weiterer Notarzt zur Einsatzstelle nachgefordert. In diesem Zuge wurden auch der Leitende Notarzt und der Organisatorische Leiter Rettungsdienst alarmiert.<\/p>\n\n\n\n<p>Der Rettungsdienst \u00fcbernahm die medizinische Betreuung der Patienten, w\u00e4hrend die Einsatzkr\u00e4fte der Feuerwehr die technische Rettung vorbereiteten und durchf\u00fchrten. Parallel wurde der Brandschutz sichergestellt, da zu Beginn Qualm aus dem Motorbereich des Fahrzeugs austrat.<\/p>\n\n\n\n<p>Um einen geeigneten Zugang zum Fahrzeug zu schaffen, musste zun\u00e4chst die Hecke entfernt werden. Anschlie\u00dfend wurden die beiden Schwerverletzten mithilfe von hydraulischem Rettungsger\u00e4t, bestehend aus Schere und Spreizer, aus dem Fahrzeug befreit und dem Rettungsdienst \u00fcbergeben.<\/p>\n\n\n\n<p>Der Rettungsdienst \u00fcbernahm die weitere Erstversorgung der Patienten. Anschlie\u00dfend wurden beide Patienten mit den Rettungshubschraubern zur weiteren Behandlung in umliegende Krankenh\u00e4user geflogen.<\/p>\n\n\n\n<p>Im weiteren Einsatzverlauf unterst\u00fctzte die Feuerwehr die Polizei bei der Unfallaufnahme und -ermittlung. Aufgrund ausgelaufener Betriebsstoffe wurde zudem die Untere Wasserbeh\u00f6rde hinzugezogen.<\/p>\n\n\n\n<p>Nach rund drei Stunden konnte die Einsatzstelle an die Polizei \u00fcbergeben und der Einsatz f\u00fcr die Feuerwehr beendet werden.<\/p>\n\n\n\n<figure class=\"wp-block-gallery has-nested-images columns-default is-cropped wp-block-gallery-1 is-layout-flex wp-block-gallery-is-layout-flex\">\n<figure class=\"wp-block-image size-full\"><img fetchpriority=\"high\" decoding=\"async\" width=\"590\" height=\"590\" data-id=\"6707\" src=\"https:\/\/www.feuerwehr-erwitte.de\/wp-content\/uploads\/2026\/08\/785214454_1368239442186285_5552051114079248372_n.jpg\" alt=\"\" class=\"wp-image-6707\" srcset=\"https:\/\/www.feuerwehr-erwitte.de\/wp-content\/uploads\/2026\/08\/785214454_1368239442186285_5552051114079248372_n.jpg 590w, https:\/\/www.feuerwehr-erwitte.de\/wp-content\/uploads\/2026\/08\/785214454_1368239442186285_5552051114079248372_n-150x150.jpg 150w, https:\/\/www.feuerwehr-erwitte.de\/wp-content\/uploads\/2026\/08\/785214454_1368239442186285_5552051114079248372_n-300x300.jpg 300w, https:\/\/www.feuerwehr-erwitte.de\/wp-content\/uploads\/2026\/08\/785214454_1368239442186285_5552051114079248372_n-100x100.jpg 100w\" sizes=\"(max-width: 590px) 100vw, 590px\" \/><\/figure>\n\n\n\n<figure class=\"wp-block-image size-full\"><img decoding=\"async\" width=\"590\" height=\"590\" data-id=\"6706\" src=\"https:\/\/www.feuerwehr-erwitte.de\/wp-content\/uploads\/2026\/08\/787036594_1368239502186279_1259374691504883523_n.jpg\" alt=\"\" class=\"wp-image-6706\" srcset=\"https:\/\/www.feuerwehr-erwitte.de\/wp-content\/uploads\/2026\/08\/787036594_1368239502186279_1259374691504883523_n.jpg 590w, https:\/\/www.feuerwehr-erwitte.de\/wp-content\/uploads\/2026\/08\/787036594_1368239502186279_1259374691504883523_n-150x150.jpg 150w, https:\/\/www.feuerwehr-erwitte.de\/wp-content\/uploads\/2026\/08\/787036594_1368239502186279_1259374691504883523_n-300x300.jpg 300w, https:\/\/www.feuerwehr-erwitte.de\/wp-content\/uploads\/2026\/08\/787036594_1368239502186279_1259374691504883523_n-100x100.jpg 100w\" sizes=\"(max-width: 590px) 100vw, 590px\" \/><\/figure>\n\n\n\n<figure class=\"wp-block-image size-full\"><img decoding=\"async\" width=\"590\" height=\"590\" data-id=\"6704\" src=\"https:\/\/www.feuerwehr-erwitte.de\/wp-content\/uploads\/2026\/08\/788563597_1368239495519613_1693507851073417997_n.jpg\" alt=\"\" class=\"wp-image-6704\" srcset=\"https:\/\/www.feuerwehr-erwitte.de\/wp-content\/uploads\/2026\/08\/788563597_1368239495519613_1693507851073417997_n.jpg 590w, https:\/\/www.feuerwehr-erwitte.de\/wp-content\/uploads\/2026\/08\/788563597_1368239495519613_1693507851073417997_n-150x150.jpg 150w, https:\/\/www.feuerwehr-erwitte.de\/wp-content\/uploads\/2026\/08\/788563597_1368239495519613_1693507851073417997_n-300x300.jpg 300w, https:\/\/www.feuerwehr-erwitte.de\/wp-content\/uploads\/2026\/08\/788563597_1368239495519613_1693507851073417997_n-100x100.jpg 100w\" sizes=\"(max-width: 590px) 100vw, 590px\" \/><\/figure>\n\n\n\n<figure class=\"wp-block-image size-full\"><img loading=\"lazy\" decoding=\"async\" width=\"590\" height=\"590\" data-id=\"6705\" src=\"https:\/\/www.feuerwehr-erwitte.de\/wp-content\/uploads\/2026\/08\/788414119_1368239452186284_4988354885888816679_n.jpg\" alt=\"\" class=\"wp-image-6705\" srcset=\"https:\/\/www.feuerwehr-erwitte.de\/wp-content\/uploads\/2026\/08\/788414119_1368239452186284_4988354885888816679_n.jpg 590w, https:\/\/www.feuerwehr-erwitte.de\/wp-content\/uploads\/2026\/08\/788414119_1368239452186284_4988354885888816679_n-150x150.jpg 150w, https:\/\/www.feuerwehr-erwitte.de\/wp-content\/uploads\/2026\/08\/788414119_1368239452186284_4988354885888816679_n-300x300.jpg 300w, https:\/\/www.feuerwehr-erwitte.de\/wp-content\/uploads\/2026\/08\/788414119_1368239452186284_4988354885888816679_n-100x100.jpg 100w\" sizes=\"(max-width: 590px) 100vw, 590px\" \/><\/figure>\n<\/figure>\n","protected":false},"author":8,"featured_media":0,"template":"","meta":{"ocean_front_end_style_editor":"no","ocean_post_layout":"","ocean_both_sidebars_style":"","ocean_both_sidebars_content_width":0,"ocean_both_sidebars_sidebars_width":0,"ocean_sidebar":"","ocean_second_sidebar":"","ocean_disable_margins":"enable","ocean_add_body_class":"","ocean_shortcode_before_top_bar":"","ocean_shortcode_after_top_bar":"","ocean_shortcode_before_header":"","ocean_shortcode_after_header":"","ocean_has_shortcode":"","ocean_shortcode_after_title":"","ocean_shortcode_before_footer_widgets":"","ocean_shortcode_after_footer_widgets":"","ocean_shortcode_before_footer_bottom":"","ocean_shortcode_after_footer_bottom":"","ocean_display_top_bar":"default","ocean_display_header":"default","ocean_header_style":"","ocean_center_header_left_menu":"","ocean_custom_header_template":"","ocean_custom_logo":0,"ocean_custom_retina_logo":0,"ocean_custom_logo_max_width":0,"ocean_custom_logo_tablet_max_width":0,"ocean_custom_logo_mobile_max_width":0,"ocean_custom_logo_max_height":0,"ocean_custom_logo_tablet_max_height":0,"ocean_custom_logo_mobile_max_height":0,"ocean_header_custom_menu":"","ocean_menu_typo_font_family":"","ocean_menu_typo_font_subset":"","ocean_menu_typo_font_size":0,"ocean_menu_typo_font_size_tablet":0,"ocean_menu_typo_font_size_mobile":0,"ocean_menu_typo_font_size_unit":"px","ocean_menu_typo_font_weight":"","ocean_menu_typo_font_weight_tablet":"","ocean_menu_typo_font_weight_mobile":"","ocean_menu_typo_transform":"","ocean_menu_typo_transform_tablet":"","ocean_menu_typo_transform_mobile":"","ocean_menu_typo_line_height":0,"ocean_menu_typo_line_height_tablet":0,"ocean_menu_typo_line_height_mobile":0,"ocean_menu_typo_line_height_unit":"","ocean_menu_typo_spacing":0,"ocean_menu_typo_spacing_tablet":0,"ocean_menu_typo_spacing_mobile":0,"ocean_menu_typo_spacing_unit":"","ocean_menu_link_color":"","ocean_menu_link_color_hover":"","ocean_menu_link_color_active":"","ocean_menu_link_background":"","ocean_menu_link_hover_background":"","ocean_menu_link_active_background":"","ocean_menu_social_links_bg":"","ocean_menu_social_hover_links_bg":"","ocean_menu_social_links_color":"","ocean_menu_social_hover_links_color":"","ocean_disable_title":"default","ocean_disable_heading":"default","ocean_post_title":"","ocean_post_subheading":"","ocean_post_title_style":"","ocean_post_title_background_color":"","ocean_post_title_background":0,"ocean_post_title_bg_image_position":"","ocean_post_title_bg_image_attachment":"","ocean_post_title_bg_image_repeat":"","ocean_post_title_bg_image_size":"","ocean_post_title_height":0,"ocean_post_title_bg_overlay":0.5,"ocean_post_title_bg_overlay_color":"","ocean_disable_breadcrumbs":"default","ocean_breadcrumbs_color":"","ocean_breadcrumbs_separator_color":"","ocean_breadcrumbs_links_color":"","ocean_breadcrumbs_links_hover_color":"","ocean_display_footer_widgets":"default","ocean_display_footer_bottom":"default","ocean_custom_footer_template":"","einsatz_weight":1,"footnotes":""},"categories":[5],"einsatzart":[31],"fahrzeug":[],"exteinsatzmittel":[25,26,98,67],"alarmierungsart":[],"evw_unit":[91,90,97],"class_list":["post-6702","einsatz","type-einsatz","status-publish","hentry","category-einsatzmeldung","einsatzart-th","exteinsatzmittel-polizei","exteinsatzmittel-rettungsdienst","exteinsatzmittel-rettungshubschrauber","exteinsatzmittel-untere-wasserbehoerde","evw_unit-lg-schallern","evw_unit-lg-schmerlecke","evw_unit-lz-erwitte","entry"],"_links":{"self":[{"href":"https:\/\/www.feuerwehr-erwitte.de\/index.php\/wp-json\/wp\/v2\/einsatz\/6702","targetHints":{"allow":["GET"]}}],"collection":[{"href":"https:\/\/www.feuerwehr-erwitte.de\/index.php\/wp-json\/wp\/v2\/einsatz"}],"about":[{"href":"https:\/\/www.feuerwehr-erwitte.de\/index.php\/wp-json\/wp\/v2\/types\/einsatz"}],"author":[{"embeddable":true,"href":"https:\/\/www.feuerwehr-erwitte.de\/index.php\/wp-json\/wp\/v2\/users\/8"}],"version-history":[{"count":2,"href":"https:\/\/www.feuerwehr-erwitte.de\/index.php\/wp-json\/wp\/v2\/einsatz\/6702\/revisions"}],"predecessor-version":[{"id":6708,"href":"https:\/\/www.feuerwehr-erwitte.de\/index.php\/wp-json\/wp\/v2\/einsatz\/6702\/revisions\/6708"}],"wp:attachment":[{"href":"https:\/\/www.feuerwehr-erwitte.de\/index.php\/wp-json\/wp\/v2\/media?parent=6702"}],"wp:term":[{"taxonomy":"category","embeddable":true,"href":"https:\/\/www.feuerwehr-erwitte.de\/index.php\/wp-json\/wp\/v2\/categories?post=6702"},{"taxonomy":"einsatzart","embeddable":true,"href":"https:\/\/www.feuerwehr-erwitte.de\/index.php\/wp-json\/wp\/v2\/einsatzart?post=6702"},{"taxonomy":"fahrzeug","embeddable":true,"href":"https:\/\/www.feuerwehr-erwitte.de\/index.php\/wp-json\/wp\/v2\/fahrzeug?post=6702"},{"taxonomy":"exteinsatzmittel","embeddable":true,"href":"https:\/\/www.feuerwehr-erwitte.de\/index.php\/wp-json\/wp\/v2\/exteinsatzmittel?post=6702"},{"taxonomy":"alarmierungsart","embeddable":true,"href":"https:\/\/www.feuerwehr-erwitte.de\/index.php\/wp-json\/wp\/v2\/alarmierungsart?post=6702"},{"taxonomy":"evw_unit","embeddable":true,"href":"https:\/\/www.feuerwehr-erwitte.de\/index.php\/wp-json\/wp\/v2\/evw_unit?post=6702"}],"curies":[{"name":"wp","href":"https:\/\/api.w.org\/{rel}","templated":true}]}}

<p>Der Löschzug Erwitte wurde mit dem Stichwort H2_Klemm ausgelöster E-Call ohne Sprachkontakt zu einem Verkehrsunfall mit zwei Insassen Höhe der Lohner Warte alarmiert. Aufgrund der Lage des Unfalls wurden die Löschgruppen Schallern und Schmerlecke nachalarmiert.</p>



<p>Vor Ort wurde ein auf dem Dach liegender Pkw vorgefunden, der hinter einer Hecke an einem Baum auf dem Grundstück eines angrenzenden Wohnhauses zum Liegen gekommen war. Auf dem angrenzenden Feld lagen bereits mehrere Fahrzeugteile.</p>



<p>Ein Krankentransportwagen wurde zusätzlich als First Responder zur Einsatzstelle alarmiert. Beide Patienten waren bei Eintreffen der Einsatzkräfte ansprechbar, jedoch im Fahrzeug eingeschlossen. Schnell wurden zwei Rettungshubschrauber sowie ein weiterer Notarzt zur Einsatzstelle nachgefordert. In diesem Zuge wurden auch der Leitende Notarzt und der Organisatorische Leiter Rettungsdienst alarmiert.</p>



<p>Der Rettungsdienst übernahm die medizinische Betreuung der Patienten, während die Einsatzkräfte der Feuerwehr die technische Rettung vorbereiteten und durchführten. Parallel wurde der Brandschutz sichergestellt, da zu Beginn Qualm aus dem Motorbereich des Fahrzeugs austrat.</p>



<p>Um einen geeigneten Zugang zum Fahrzeug zu schaffen, musste zunächst die Hecke entfernt werden. Anschließend wurden die beiden Schwerverletzten mithilfe von hydraulischem Rettungsgerät, bestehend aus Schere und Spreizer, aus dem Fahrzeug befreit und dem Rettungsdienst übergeben.</p>



<p>Der Rettungsdienst übernahm die weitere Erstversorgung der Patienten. Anschließend wurden beide Patienten mit den Rettungshubschraubern zur weiteren Behandlung in umliegende Krankenhäuser geflogen.</p>



<p>Im weiteren Einsatzverlauf unterstützte die Feuerwehr die Polizei bei der Unfallaufnahme und -ermittlung. Aufgrund ausgelaufener Betriebsstoffe wurde zudem die Untere Wasserbehörde hinzugezogen.</p>



<p>Nach rund drei Stunden konnte die Einsatzstelle an die Polizei übergeben und der Einsatz für die Feuerwehr beendet werden.</p>



<figure class="wp-block-gallery has-nested-images columns-default is-cropped wp-block-gallery-1 is-layout-flex wp-block-gallery-is-layout-flex">
<figure class="wp-block-image size-full"><img fetchpriority="high" decoding="async" width="590" height="590" data-id="6707" src="https://www.feuerwehr-erwitte.de/wp-content/uploads/2026/08/785214454_1368239442186285_5552051114079248372_n.jpg" alt="" class="wp-image-6707" srcset="https://www.feuerwehr-erwitte.de/wp-content/uploads/2026/08/785214454_1368239442186285_5552051114079248372_n.jpg 590w, https://www.feuerwehr-erwitte.de/wp-content/uploads/2026/08/785214454_1368239442186285_5552051114079248372_n-150x150.jpg 150w, https://www.feuerwehr-erwitte.de/wp-content/uploads/2026/08/785214454_1368239442186285_5552051114079248372_n-300x300.jpg 300w, https://www.feuerwehr-erwitte.de/wp-content/uploads/2026/08/785214454_1368239442186285_5552051114079248372_n-100x100.jpg 100w" sizes="(max-width: 590px) 100vw, 590px" /></figure>



<figure class="wp-block-image size-full"><img decoding="async" width="590" height="590" data-id="6706" src="https://www.feuerwehr-erwitte.de/wp-content/uploads/2026/08/787036594_1368239502186279_1259374691504883523_n.jpg" alt="" class="wp-image-6706" srcset="https://www.feuerwehr-erwitte.de/wp-content/uploads/2026/08/787036594_1368239502186279_1259374691504883523_n.jpg 590w, https://www.feuerwehr-erwitte.de/wp-content/uploads/2026/08/787036594_1368239502186279_1259374691504883523_n-150x150.jpg 150w, https://www.feuerwehr-erwitte.de/wp-content/uploads/2026/08/787036594_1368239502186279_1259374691504883523_n-300x300.jpg 300w, https://www.feuerwehr-erwitte.de/wp-content/uploads/2026/08/787036594_1368239502186279_1259374691504883523_n-100x100.jpg 100w" sizes="(max-width: 590px) 100vw, 590px" /></figure>



<figure class="wp-block-image size-full"><img decoding="async" width="590" height="590" data-id="6704" src="https://www.feuerwehr-erwitte.de/wp-content/uploads/2026/08/788563597_1368239495519613_1693507851073417997_n.jpg" alt="" class="wp-image-6704" srcset="https://www.feuerwehr-erwitte.de/wp-content/uploads/2026/08/788563597_1368239495519613_1693507851073417997_n.jpg 590w, https://www.feuerwehr-erwitte.de/wp-content/uploads/2026/08/788563597_1368239495519613_1693507851073417997_n-150x150.jpg 150w, https://www.feuerwehr-erwitte.de/wp-content/uploads/2026/08/788563597_1368239495519613_1693507851073417997_n-300x300.jpg 300w, https://www.feuerwehr-erwitte.de/wp-content/uploads/2026/08/788563597_1368239495519613_1693507851073417997_n-100x100.jpg 100w" sizes="(max-width: 590px) 100vw, 590px" /></figure>



<figure class="wp-block-image size-full"><img loading="lazy" decoding="async" width="590" height="590" data-id="6705" src="https://www.feuerwehr-erwitte.de/wp-content/uploads/2026/08/788414119_1368239452186284_4988354885888816679_n.jpg" alt="" class="wp-image-6705" srcset="https://www.feuerwehr-erwitte.de/wp-content/uploads/2026/08/788414119_1368239452186284_4988354885888816679_n.jpg 590w, https://www.feuerwehr-erwitte.de/wp-content/uploads/2026/08/788414119_1368239452186284_4988354885888816679_n-150x150.jpg 150w, https://www.feuerwehr-erwitte.de/wp-content/uploads/2026/08/788414119_1368239452186284_4988354885888816679_n-300x300.jpg 300w, https://www.feuerwehr-erwitte.de/wp-content/uploads/2026/08/788414119_1368239452186284_4988354885888816679_n-100x100.jpg 100w" sizes="(max-width: 590px) 100vw, 590px" /></figure>
</figure>
